{"id":212970,"date":"2020-08-17T11:25:47","date_gmt":"2020-08-17T11:25:47","guid":{"rendered":"http:\/\/localhost:10069\/?page_id=212970"},"modified":"2020-09-14T10:38:59","modified_gmt":"2020-09-14T08:38:59","slug":"la-premiere-manufacture-de-trelaze","status":"publish","type":"page","link":"https:\/\/manu-trelaze.com\/index.php\/historique-de-la-manufacture-de-trelaze\/la-premiere-manufacture-de-trelaze\/","title":{"rendered":"La premi\u00e8re manufacture de Tr\u00e9laz\u00e9"},"content":{"rendered":"\n<p>En 1864, les fr\u00e8res Lebatteux installent la premi\u00e8re manufacture d&rsquo;allumettes de Tr\u00e9laz\u00e9 \u00e0 mara\u00eech\u00e8re et en font rapidement un \u00e9tablissement productif. Pass\u00e9e sous monopole de l&rsquo;Etat en 1872, la manufacture augmente r\u00e9guli\u00e8rement sa production au d\u00e9but du XX\u00e8me si\u00e8cle, 5 milliards d&rsquo;allumettes sont fabriqu\u00e9es chaque ann\u00e9e et 19 d\u00e9partements du Grand Ouest approvisionn\u00e9s.<\/p>\n\n\n\n<p>Cependant, la manufacture ne r\u00e9pondant plus aux n\u00e9cessit\u00e9s \u00e9conomiques, l\u2019\u00c9tat d\u00e9cide de construire un site de production plus vaste (8 ha), au rendement beaucoup plus \u00e9lev\u00e9, gr\u00e2ce \u00e0 une m\u00e9canisation pouss\u00e9e, sur la rue Jean Jaur\u00e8s.<\/p>\n\n\n\n<figure class=\"wp-block-image size-large is-resized\"><img loading=\"lazy\" src=\"https:\/\/manu-trelaze.com\/wp-content\/uploads\/2020\/09\/si-Allumettes-Profac-1.jpg\" alt=\"\" class=\"wp-image-213026\" width=\"1274\" height=\"825\"\/><\/figure>\n\n\n\n<p>La commune rach\u00e8te les b\u00e2timents de cette premi\u00e8re manufacture et b\u00e2tit progressivement un projet urbain qui comprendra&nbsp;:<\/p>\n\n\n\n<ul><li>La m\u00e9diath\u00e8que<\/li><li>Le th\u00e9\u00e2tre<\/li><li>Les salles du mus\u00e9e de l\u2019ardoise<\/li><li>Des salles r\u00e9cr\u00e9atives<\/li><li>L\u2019\u00e9cole<\/li><li>Le centre sportif<\/li><\/ul>\n\n\n\n<p>Cet ensemble fort bien r\u00e9alis\u00e9 transform\u00e9 conserve en son sein la chemin\u00e9e historique de cette premi\u00e8re manufacture.<\/p>\n\n\n\n<p><\/p>\n\n\n\n<figure class=\"wp-block-gallery columns-2 is-cropped\"><ul class=\"blocks-gallery-grid\"><li class=\"blocks-gallery-item\"><figure><img src=\"https:\/\/manu-trelaze.com\/wp-content\/uploads\/2020\/09\/DSCN4235-1024x768.jpg\" alt=\"\" data-id=\"213024\" data-full-url=\"https:\/\/manu-trelaze.com\/wp-content\/uploads\/2020\/09\/DSCN4235-scaled.jpg\" data-link=\"http:\/\/localhost:10069\/accueil\/la-premiere-manufacture-de-trelaze\/dscn4235\/\" class=\"wp-image-213024\"\/><\/figure><\/li><li class=\"blocks-gallery-item\"><figure><img src=\"https:\/\/manu-trelaze.com\/wp-content\/uploads\/2020\/09\/DSCN4237-1024x768.jpg\" alt=\"\" data-id=\"213025\" data-full-url=\"https:\/\/manu-trelaze.com\/wp-content\/uploads\/2020\/09\/DSCN4237-scaled.jpg\" data-link=\"http:\/\/localhost:10069\/accueil\/la-premiere-manufacture-de-trelaze\/dscn4237\/\" class=\"wp-image-213025\"\/><\/figure><\/li><\/ul><\/figure>\n\n\n\n<p><\/p>\n\n\n\n<p><\/p>\n","protected":false},"excerpt":{"rendered":"<p>En 1864, les fr\u00e8res Lebatteux installent la premi\u00e8re manufacture d&rsquo;allumettes de Tr\u00e9laz\u00e9 \u00e0 mara\u00eech\u00e8re et en font rapidement un \u00e9tablissement productif. Pass\u00e9e sous monopole de l&rsquo;Etat en 1872, la manufacture augmente r\u00e9guli\u00e8rement sa production au d\u00e9but du XX\u00e8me si\u00e8cle, 5 milliards d&rsquo;allumettes sont fabriqu\u00e9es chaque ann\u00e9e et 19 d\u00e9partements du Grand Ouest approvisionn\u00e9s. Cependant, la [&hellip;]<\/p>\n","protected":false},"author":1,"featured_media":0,"parent":213138,"menu_order":1,"comment_status":"closed","ping_status":"closed","template":"","meta":{"_et_pb_use_builder":"off","_et_pb_old_content":"<!-- wp:paragraph -->\n<p>En 1864, les fr\u00e8res Lebatteux installent la premi\u00e8re manufacture d'allumettes de Tr\u00e9laz\u00e9 \u00e0 l'Union et en font rapidement un \u00e9tablissement productif. Pass\u00e9e sous monopole de l'Etat en 1872, la manufacture augmente r\u00e9guli\u00e8rement sa production au d\u00e9but du XX\u00e8me si\u00e8cle, 5 milliards d'allumettes sont fabriqu\u00e9es chaque ann\u00e9e et 19 d\u00e9partements du Grand Ouest approvisionn\u00e9s.<\/p>\n<!-- \/wp:paragraph -->\n\n<!-- wp:paragraph -->\n<p>Cependant, la manufacture ne r\u00e9pondant plus aux n\u00e9cessit\u00e9s \u00e9conomiques, l\u2019\u00c9tat d\u00e9cide de construire un site de production plus vaste (8 ha), au rendement beaucoup plus \u00e9lev\u00e9, gr\u00e2ce \u00e0 une m\u00e9canisation pouss\u00e9e, sur la rue Jean Jaur\u00e8s.<\/p>\n<!-- \/wp:paragraph -->\n\n<!-- wp:image {\"id\":213026,\"sizeSlug\":\"large\",\"className\":\"is-style-default\"} -->\n<figure class=\"wp-block-image size-large is-style-default\"><img src=\"http:\/\/localhost:10069\/wp-content\/uploads\/2020\/08\/si-Allumettes-Profac-1.jpg\" alt=\"\" class=\"wp-image-213026\"\/><\/figure>\n<!-- \/wp:image -->\n\n<!-- wp:paragraph -->\n<p>La commune rach\u00e8te les b\u00e2timents de cette premi\u00e8re manufacture et b\u00e2tit progressivement un projet urbain qui comprendra&nbsp;:<\/p>\n<!-- \/wp:paragraph -->\n\n<!-- wp:list -->\n<ul><li>La m\u00e9diath\u00e8que<\/li><li>Le th\u00e9\u00e2tre<\/li><li>Les salles du mus\u00e9e de l\u2019ardoise<\/li><li>Des salles r\u00e9cr\u00e9atives<\/li><li>L\u2019\u00e9cole<\/li><li>Le centre sportif<\/li><\/ul>\n<!-- \/wp:list -->\n\n<!-- wp:paragraph -->\n<p>Cet ensemble fort bien r\u00e9alis\u00e9 transform\u00e9 conserve en son sein la chemin\u00e9e historique de cette premi\u00e8re manufacture.<\/p>\n<!-- \/wp:paragraph -->\n\n<!-- wp:gallery {\"ids\":[213024,213025]} -->\n<figure class=\"wp-block-gallery columns-2 is-cropped\"><ul class=\"blocks-gallery-grid\"><li class=\"blocks-gallery-item\"><figure><img src=\"http:\/\/localhost:10069\/wp-content\/uploads\/2020\/08\/DSCN4235-1024x768.jpg\" alt=\"\" data-id=\"213024\" data-full-url=\"http:\/\/localhost:10069\/wp-content\/uploads\/2020\/08\/DSCN4235-scaled.jpg\" data-link=\"http:\/\/localhost:10069\/accueil\/la-premiere-manufacture-de-trelaze\/dscn4235\/\" class=\"wp-image-213024\"\/><\/figure><\/li><li class=\"blocks-gallery-item\"><figure><img src=\"http:\/\/localhost:10069\/wp-content\/uploads\/2020\/08\/DSCN4237-1024x768.jpg\" alt=\"\" data-id=\"213025\" data-full-url=\"http:\/\/localhost:10069\/wp-content\/uploads\/2020\/08\/DSCN4237-scaled.jpg\" data-link=\"http:\/\/localhost:10069\/accueil\/la-premiere-manufacture-de-trelaze\/dscn4237\/\" class=\"wp-image-213025\"\/><\/figure><\/li><\/ul><\/figure>\n<!-- \/wp:gallery -->","_et_gb_content_width":"705"},"yoast_head":"<!-- This site is optimized with the Yoast SEO plugin v19.13 - https:\/\/yoast.com\/wordpress\/plugins\/seo\/ -->\n<title>La premi\u00e8re manufacture de Tr\u00e9laz\u00e9 - Les Amis du Patrimoine Tr\u00e9laz\u00e9en<\/title>\n<meta name=\"robots\" content=\"index, follow, max-snippet:-1, max-image-preview:large, max-video-preview:-1\" \/>\n<link rel=\"canonical\" href=\"https:\/\/manu-trelaze.com\/index.php\/historique-de-la-manufacture-de-trelaze\/la-premiere-manufacture-de-trelaze\/\" \/>\n<meta property=\"og:locale\" content=\"fr_FR\" \/>\n<meta property=\"og:type\" content=\"article\" \/>\n<meta property=\"og:title\" content=\"La premi\u00e8re manufacture de Tr\u00e9laz\u00e9 - Les Amis du Patrimoine Tr\u00e9laz\u00e9en\" \/>\n<meta property=\"og:description\" content=\"En 1864, les fr\u00e8res Lebatteux installent la premi\u00e8re manufacture d&rsquo;allumettes de Tr\u00e9laz\u00e9 \u00e0 mara\u00eech\u00e8re et en font rapidement un \u00e9tablissement productif. Pass\u00e9e sous monopole de l&rsquo;Etat en 1872, la manufacture augmente r\u00e9guli\u00e8rement sa production au d\u00e9but du XX\u00e8me si\u00e8cle, 5 milliards d&rsquo;allumettes sont fabriqu\u00e9es chaque ann\u00e9e et 19 d\u00e9partements du Grand Ouest approvisionn\u00e9s. Cependant, la [&hellip;]\" \/>\n<meta property=\"og:url\" content=\"https:\/\/manu-trelaze.com\/index.php\/historique-de-la-manufacture-de-trelaze\/la-premiere-manufacture-de-trelaze\/\" \/>\n<meta property=\"og:site_name\" content=\"Les Amis du Patrimoine Tr\u00e9laz\u00e9en\" \/>\n<meta property=\"article:modified_time\" content=\"2020-09-14T08:38:59+00:00\" \/>\n<meta property=\"og:image\" content=\"https:\/\/manu-trelaze.com\/wp-content\/uploads\/2020\/09\/si-Allumettes-Profac-1.jpg\" \/>\n<meta name=\"twitter:card\" content=\"summary_large_image\" \/>\n<meta name=\"twitter:label1\" content=\"Dur\u00e9e de lecture estim\u00e9e\" \/>\n\t<meta name=\"twitter:data1\" content=\"1 minute\" \/>\n<script type=\"application\/ld+json\" class=\"yoast-schema-graph\">{\"@context\":\"https:\/\/schema.org\",\"@graph\":[{\"@type\":\"WebPage\",\"@id\":\"https:\/\/manu-trelaze.com\/index.php\/historique-de-la-manufacture-de-trelaze\/la-premiere-manufacture-de-trelaze\/\",\"url\":\"https:\/\/manu-trelaze.com\/index.php\/historique-de-la-manufacture-de-trelaze\/la-premiere-manufacture-de-trelaze\/\",\"name\":\"La premi\u00e8re manufacture de Tr\u00e9laz\u00e9 - Les Amis du Patrimoine Tr\u00e9laz\u00e9en\",\"isPartOf\":{\"@id\":\"https:\/\/manu-trelaze.com\/#website\"},\"datePublished\":\"2020-08-17T11:25:47+00:00\",\"dateModified\":\"2020-09-14T08:38:59+00:00\",\"breadcrumb\":{\"@id\":\"https:\/\/manu-trelaze.com\/index.php\/historique-de-la-manufacture-de-trelaze\/la-premiere-manufacture-de-trelaze\/#breadcrumb\"},\"inLanguage\":\"fr-FR\",\"potentialAction\":[{\"@type\":\"ReadAction\",\"target\":[\"https:\/\/manu-trelaze.com\/index.php\/historique-de-la-manufacture-de-trelaze\/la-premiere-manufacture-de-trelaze\/\"]}]},{\"@type\":\"BreadcrumbList\",\"@id\":\"https:\/\/manu-trelaze.com\/index.php\/historique-de-la-manufacture-de-trelaze\/la-premiere-manufacture-de-trelaze\/#breadcrumb\",\"itemListElement\":[{\"@type\":\"ListItem\",\"position\":1,\"name\":\"Accueil\",\"item\":\"https:\/\/manu-trelaze.com\/\"},{\"@type\":\"ListItem\",\"position\":2,\"name\":\"Historique de la Manufacture de Tr\u00e9laz\u00e9\",\"item\":\"https:\/\/manu-trelaze.com\/index.php\/historique-de-la-manufacture-de-trelaze\/\"},{\"@type\":\"ListItem\",\"position\":3,\"name\":\"La premi\u00e8re manufacture de Tr\u00e9laz\u00e9\"}]},{\"@type\":\"WebSite\",\"@id\":\"https:\/\/manu-trelaze.com\/#website\",\"url\":\"https:\/\/manu-trelaze.com\/\",\"name\":\"Les Amis du Patrimoine Tr\u00e9laz\u00e9en\",\"description\":\"Les Amis du Patrimoine Tr\u00e9laz\u00e9en\",\"potentialAction\":[{\"@type\":\"SearchAction\",\"target\":{\"@type\":\"EntryPoint\",\"urlTemplate\":\"https:\/\/manu-trelaze.com\/?s={search_term_string}\"},\"query-input\":\"required name=search_term_string\"}],\"inLanguage\":\"fr-FR\"}]}<\/script>\n<!-- \/ Yoast SEO plugin. -->","yoast_head_json":{"title":"La premi\u00e8re manufacture de Tr\u00e9laz\u00e9 - Les Amis du Patrimoine Tr\u00e9laz\u00e9en","robots":{"index":"index","follow":"follow","max-snippet":"max-snippet:-1","max-image-preview":"max-image-preview:large","max-video-preview":"max-video-preview:-1"},"canonical":"https:\/\/manu-trelaze.com\/index.php\/historique-de-la-manufacture-de-trelaze\/la-premiere-manufacture-de-trelaze\/","og_locale":"fr_FR","og_type":"article","og_title":"La premi\u00e8re manufacture de Tr\u00e9laz\u00e9 - Les Amis du Patrimoine Tr\u00e9laz\u00e9en","og_description":"En 1864, les fr\u00e8res Lebatteux installent la premi\u00e8re manufacture d&rsquo;allumettes de Tr\u00e9laz\u00e9 \u00e0 mara\u00eech\u00e8re et en font rapidement un \u00e9tablissement productif. Pass\u00e9e sous monopole de l&rsquo;Etat en 1872, la manufacture augmente r\u00e9guli\u00e8rement sa production au d\u00e9but du XX\u00e8me si\u00e8cle, 5 milliards d&rsquo;allumettes sont fabriqu\u00e9es chaque ann\u00e9e et 19 d\u00e9partements du Grand Ouest approvisionn\u00e9s. Cependant, la [&hellip;]","og_url":"https:\/\/manu-trelaze.com\/index.php\/historique-de-la-manufacture-de-trelaze\/la-premiere-manufacture-de-trelaze\/","og_site_name":"Les Amis du Patrimoine Tr\u00e9laz\u00e9en","article_modified_time":"2020-09-14T08:38:59+00:00","og_image":[{"url":"https:\/\/manu-trelaze.com\/wp-content\/uploads\/2020\/09\/si-Allumettes-Profac-1.jpg"}],"twitter_card":"summary_large_image","twitter_misc":{"Dur\u00e9e de lecture estim\u00e9e":"1 minute"},"schema":{"@context":"https:\/\/schema.org","@graph":[{"@type":"WebPage","@id":"https:\/\/manu-trelaze.com\/index.php\/historique-de-la-manufacture-de-trelaze\/la-premiere-manufacture-de-trelaze\/","url":"https:\/\/manu-trelaze.com\/index.php\/historique-de-la-manufacture-de-trelaze\/la-premiere-manufacture-de-trelaze\/","name":"La premi\u00e8re manufacture de Tr\u00e9laz\u00e9 - Les Amis du Patrimoine Tr\u00e9laz\u00e9en","isPartOf":{"@id":"https:\/\/manu-trelaze.com\/#website"},"datePublished":"2020-08-17T11:25:47+00:00","dateModified":"2020-09-14T08:38:59+00:00","breadcrumb":{"@id":"https:\/\/manu-trelaze.com\/index.php\/historique-de-la-manufacture-de-trelaze\/la-premiere-manufacture-de-trelaze\/#breadcrumb"},"inLanguage":"fr-FR","potentialAction":[{"@type":"ReadAction","target":["https:\/\/manu-trelaze.com\/index.php\/historique-de-la-manufacture-de-trelaze\/la-premiere-manufacture-de-trelaze\/"]}]},{"@type":"BreadcrumbList","@id":"https:\/\/manu-trelaze.com\/index.php\/historique-de-la-manufacture-de-trelaze\/la-premiere-manufacture-de-trelaze\/#breadcrumb","itemListElement":[{"@type":"ListItem","position":1,"name":"Accueil","item":"https:\/\/manu-trelaze.com\/"},{"@type":"ListItem","position":2,"name":"Historique de la Manufacture de Tr\u00e9laz\u00e9","item":"https:\/\/manu-trelaze.com\/index.php\/historique-de-la-manufacture-de-trelaze\/"},{"@type":"ListItem","position":3,"name":"La premi\u00e8re manufacture de Tr\u00e9laz\u00e9"}]},{"@type":"WebSite","@id":"https:\/\/manu-trelaze.com\/#website","url":"https:\/\/manu-trelaze.com\/","name":"Les Amis du Patrimoine Tr\u00e9laz\u00e9en","description":"Les Amis du Patrimoine Tr\u00e9laz\u00e9en","potentialAction":[{"@type":"SearchAction","target":{"@type":"EntryPoint","urlTemplate":"https:\/\/manu-trelaze.com\/?s={search_term_string}"},"query-input":"required name=search_term_string"}],"inLanguage":"fr-FR"}]}},"_links":{"self":[{"href":"https:\/\/manu-trelaze.com\/index.php\/wp-json\/wp\/v2\/pages\/212970"}],"collection":[{"href":"https:\/\/manu-trelaze.com\/index.php\/wp-json\/wp\/v2\/pages"}],"about":[{"href":"https:\/\/manu-trelaze.com\/index.php\/wp-json\/wp\/v2\/types\/page"}],"author":[{"embeddable":true,"href":"https:\/\/manu-trelaze.com\/index.php\/wp-json\/wp\/v2\/users\/1"}],"replies":[{"embeddable":true,"href":"https:\/\/manu-trelaze.com\/index.php\/wp-json\/wp\/v2\/comments?post=212970"}],"version-history":[{"count":2,"href":"https:\/\/manu-trelaze.com\/index.php\/wp-json\/wp\/v2\/pages\/212970\/revisions"}],"predecessor-version":[{"id":213527,"href":"https:\/\/manu-trelaze.com\/index.php\/wp-json\/wp\/v2\/pages\/212970\/revisions\/213527"}],"up":[{"embeddable":true,"href":"https:\/\/manu-trelaze.com\/index.php\/wp-json\/wp\/v2\/pages\/213138"}],"wp:attachment":[{"href":"https:\/\/manu-trelaze.com\/index.php\/wp-json\/wp\/v2\/media?parent=212970"}],"curies":[{"name":"wp","href":"https:\/\/api.w.org\/{rel}","templated":true}]}}