{"id":213151,"date":"2020-08-28T13:10:33","date_gmt":"2020-08-28T13:10:33","guid":{"rendered":"http:\/\/localhost:10069\/?page_id=213151"},"modified":"2020-09-08T01:33:05","modified_gmt":"2020-09-07T23:33:05","slug":"le-projet-de-podeliha","status":"publish","type":"page","link":"https:\/\/manu-trelaze.com\/index.php\/le-projet-urbain\/le-projet-de-podeliha\/","title":{"rendered":"Le projet de Podeliha"},"content":{"rendered":"\n<p><strong>Le projet de Podeliha&nbsp;: une op\u00e9ration concert\u00e9e<\/strong><br>Podeliha lance une consultation de ma\u00eetrise d\u2019\u0153uvre de r\u00e9alisation en 2016. C\u2019est l\u2019\u00e9quipe Phytolab de Nantes qui est retenue. Phytolab s\u2019inscrit dans les \u00e9tudes de la Fabrique Urbaine mais certaines modifications<br>sont demand\u00e9es par les associations, fondatrices des Amis des Allumettes, et accept\u00e9es, pour partie, par Podeliha. Parall\u00e8lement, pour arriver \u00e0 boucler le financement de ce projet urbain difficile, Podeliha demande que soit int\u00e9gr\u00e9 dans le projet un magasin Lidl de \u00ab&nbsp;nouvelle g\u00e9n\u00e9ration&nbsp;\u00bb avec l\u2019engagement de transformer la halle H en parking public\/priv\u00e9. Les associations acceptent ce projet sous r\u00e9serve que la mairie s\u2019engage \u00e0 cr\u00e9er une salle de m\u00e9moire et de r\u00e9union dans cette halle H. Ce qui est accept\u00e9. Le projet urbain propose un plan masse permettant d\u2019accueillir \u00e0 terme environ 340 logements dans un cadre beaucoup moins min\u00e9ral qu\u2019\u00e0 l\u2019origine.<\/p>\n\n\n\n<p><br><br>La hauteur des futurs logements est limit\u00e9e \u00e0 12 m\u00e8tres \u00e0 l\u2019\u00e9gout du toit et \u00e0 16m au sommet.<br><\/p>\n\n\n\n<p><strong>Axonom\u00e9trie<\/strong><br>Un axe principal reliera Tr\u00e9laz\u00e9 aux Pont de C\u00e9<br><\/p>\n\n\n\n<figure class=\"wp-block-gallery columns-1 is-cropped\"><ul class=\"blocks-gallery-grid\"><li class=\"blocks-gallery-item\"><figure><img src=\"https:\/\/manu-trelaze.com\/wp-content\/uploads\/2020\/09\/Parc-central-1024x779.jpg\" alt=\"\" data-id=\"213245\" data-full-url=\"https:\/\/manu-trelaze.com\/wp-content\/uploads\/2020\/09\/Parc-central.jpg\" data-link=\"http:\/\/localhost:10069\/le-projet-urbain\/le-projet-de-podeliha\/parc-central\/\" class=\"wp-image-213245\"\/><\/figure><\/li><\/ul><\/figure>\n\n\n\n<p><br>Les ateliers occup\u00e9s par les artistes seront sauvegard\u00e9s pour la plupart ainsi que les 6 arbres majestueux.<br><\/p>\n\n\n\n<figure class=\"wp-block-gallery columns-2 is-cropped\"><ul class=\"blocks-gallery-grid\"><li class=\"blocks-gallery-item\"><figure><img src=\"https:\/\/manu-trelaze.com\/wp-content\/uploads\/2020\/09\/P1704-AVP-montage-bassin-1024x569.jpg\" alt=\"\" data-id=\"213241\" data-link=\"http:\/\/localhost:10069\/le-projet-urbain\/le-projet-de-podeliha\/p1704-avp-montage-bassin\/\" class=\"wp-image-213241\"\/><\/figure><\/li><li class=\"blocks-gallery-item\"><figure><img src=\"https:\/\/manu-trelaze.com\/wp-content\/uploads\/2020\/09\/rue-artistes-1024x768.jpg\" alt=\"\" data-id=\"213242\" data-full-url=\"https:\/\/manu-trelaze.com\/wp-content\/uploads\/2020\/09\/rue-artistes-scaled.jpg\" data-link=\"http:\/\/localhost:10069\/le-projet-urbain\/le-projet-de-podeliha\/rue-artistes\/\" class=\"wp-image-213242\"\/><\/figure><\/li><\/ul><\/figure>\n\n\n\n<p><br>Un espace vert central accueillera un bassin et mettra en valeur la chemin\u00e9e et le ch\u00e2teau d\u2019eau.<\/p>\n\n\n\n<figure class=\"wp-block-image size-large\"><img src=\"https:\/\/manu-trelaze.com\/wp-content\/uploads\/2020\/09\/Plans-884x1024.jpg\" alt=\"\" class=\"wp-image-213240\"\/><\/figure>\n\n\n\n<p><\/p>\n\n\n\n<figure class=\"wp-block-gallery columns-2 is-cropped\"><ul class=\"blocks-gallery-grid\"><li class=\"blocks-gallery-item\"><figure><img src=\"https:\/\/manu-trelaze.com\/wp-content\/uploads\/2020\/09\/Coupe-1024x444.jpg\" alt=\"\" data-id=\"213243\" data-link=\"http:\/\/localhost:10069\/le-projet-urbain\/le-projet-de-podeliha\/coupe\/\" class=\"wp-image-213243\"\/><\/figure><\/li><li class=\"blocks-gallery-item\"><figure><img src=\"https:\/\/manu-trelaze.com\/wp-content\/uploads\/2020\/09\/Rue-principale-1024x768.jpg\" alt=\"\" data-id=\"213244\" data-full-url=\"https:\/\/manu-trelaze.com\/wp-content\/uploads\/2020\/09\/Rue-principale-scaled.jpg\" data-link=\"http:\/\/localhost:10069\/le-projet-urbain\/le-projet-de-podeliha\/rue-principale\/\" class=\"wp-image-213244\"\/><\/figure><\/li><\/ul><\/figure>\n\n\n\n<div class=\"wp-block-file\"><a href=\"https:\/\/manu-trelaze.com\/wp-content\/uploads\/2020\/09\/Pr\u00e9sentation-Mairie-le-26-avril-2018-AVP.pdf\">Pr\u00e9sentation-Mairie-le-26-avril-2018-AVP<\/a><a href=\"https:\/\/manu-trelaze.com\/wp-content\/uploads\/2020\/09\/Pr\u00e9sentation-Mairie-le-26-avril-2018-AVP.pdf\" class=\"wp-block-file__button\" download>T\u00e9l\u00e9charger<\/a><\/div>\n","protected":false},"excerpt":{"rendered":"<p>Le projet de Podeliha&nbsp;: une op\u00e9ration concert\u00e9ePodeliha lance une consultation de ma\u00eetrise d\u2019\u0153uvre de r\u00e9alisation en 2016. C\u2019est l\u2019\u00e9quipe Phytolab de Nantes qui est retenue. Phytolab s\u2019inscrit dans les \u00e9tudes de la Fabrique Urbaine mais certaines modificationssont demand\u00e9es par les associations, fondatrices des Amis des Allumettes, et accept\u00e9es, pour partie, par Podeliha. Parall\u00e8lement, pour arriver [&hellip;]<\/p>\n","protected":false},"author":1,"featured_media":0,"parent":213147,"menu_order":0,"comment_status":"closed","ping_status":"closed","template":"","meta":{"_et_pb_use_builder":"off","_et_pb_old_content":"","_et_gb_content_width":""},"yoast_head":"<!-- This site is optimized with the Yoast SEO plugin v19.13 - https:\/\/yoast.com\/wordpress\/plugins\/seo\/ -->\n<title>Le projet de Podeliha - Les Amis du Patrimoine Tr\u00e9laz\u00e9en<\/title>\n<meta name=\"robots\" content=\"index, follow, max-snippet:-1, max-image-preview:large, max-video-preview:-1\" \/>\n<link rel=\"canonical\" href=\"https:\/\/manu-trelaze.com\/index.php\/le-projet-urbain\/le-projet-de-podeliha\/\" \/>\n<meta property=\"og:locale\" content=\"fr_FR\" \/>\n<meta property=\"og:type\" content=\"article\" \/>\n<meta property=\"og:title\" content=\"Le projet de Podeliha - Les Amis du Patrimoine Tr\u00e9laz\u00e9en\" \/>\n<meta property=\"og:description\" content=\"Le projet de Podeliha&nbsp;: une op\u00e9ration concert\u00e9ePodeliha lance une consultation de ma\u00eetrise d\u2019\u0153uvre de r\u00e9alisation en 2016. C\u2019est l\u2019\u00e9quipe Phytolab de Nantes qui est retenue. Phytolab s\u2019inscrit dans les \u00e9tudes de la Fabrique Urbaine mais certaines modificationssont demand\u00e9es par les associations, fondatrices des Amis des Allumettes, et accept\u00e9es, pour partie, par Podeliha. Parall\u00e8lement, pour arriver [&hellip;]\" \/>\n<meta property=\"og:url\" content=\"https:\/\/manu-trelaze.com\/index.php\/le-projet-urbain\/le-projet-de-podeliha\/\" \/>\n<meta property=\"og:site_name\" content=\"Les Amis du Patrimoine Tr\u00e9laz\u00e9en\" \/>\n<meta property=\"article:modified_time\" content=\"2020-09-07T23:33:05+00:00\" \/>\n<meta property=\"og:image\" content=\"https:\/\/manu-trelaze.com\/wp-content\/uploads\/2020\/09\/Parc-central-1024x779.jpg\" \/>\n<meta name=\"twitter:card\" content=\"summary_large_image\" \/>\n<meta name=\"twitter:label1\" content=\"Dur\u00e9e de lecture estim\u00e9e\" \/>\n\t<meta name=\"twitter:data1\" content=\"1 minute\" \/>\n<script type=\"application\/ld+json\" class=\"yoast-schema-graph\">{\"@context\":\"https:\/\/schema.org\",\"@graph\":[{\"@type\":\"WebPage\",\"@id\":\"https:\/\/manu-trelaze.com\/index.php\/le-projet-urbain\/le-projet-de-podeliha\/\",\"url\":\"https:\/\/manu-trelaze.com\/index.php\/le-projet-urbain\/le-projet-de-podeliha\/\",\"name\":\"Le projet de Podeliha - Les Amis du Patrimoine Tr\u00e9laz\u00e9en\",\"isPartOf\":{\"@id\":\"https:\/\/manu-trelaze.com\/#website\"},\"datePublished\":\"2020-08-28T13:10:33+00:00\",\"dateModified\":\"2020-09-07T23:33:05+00:00\",\"breadcrumb\":{\"@id\":\"https:\/\/manu-trelaze.com\/index.php\/le-projet-urbain\/le-projet-de-podeliha\/#breadcrumb\"},\"inLanguage\":\"fr-FR\",\"potentialAction\":[{\"@type\":\"ReadAction\",\"target\":[\"https:\/\/manu-trelaze.com\/index.php\/le-projet-urbain\/le-projet-de-podeliha\/\"]}]},{\"@type\":\"BreadcrumbList\",\"@id\":\"https:\/\/manu-trelaze.com\/index.php\/le-projet-urbain\/le-projet-de-podeliha\/#breadcrumb\",\"itemListElement\":[{\"@type\":\"ListItem\",\"position\":1,\"name\":\"Accueil\",\"item\":\"https:\/\/manu-trelaze.com\/\"},{\"@type\":\"ListItem\",\"position\":2,\"name\":\"Le projet urbain\",\"item\":\"https:\/\/manu-trelaze.com\/index.php\/le-projet-urbain\/\"},{\"@type\":\"ListItem\",\"position\":3,\"name\":\"Le projet de Podeliha\"}]},{\"@type\":\"WebSite\",\"@id\":\"https:\/\/manu-trelaze.com\/#website\",\"url\":\"https:\/\/manu-trelaze.com\/\",\"name\":\"Les Amis du Patrimoine Tr\u00e9laz\u00e9en\",\"description\":\"Les Amis du Patrimoine Tr\u00e9laz\u00e9en\",\"potentialAction\":[{\"@type\":\"SearchAction\",\"target\":{\"@type\":\"EntryPoint\",\"urlTemplate\":\"https:\/\/manu-trelaze.com\/?s={search_term_string}\"},\"query-input\":\"required name=search_term_string\"}],\"inLanguage\":\"fr-FR\"}]}<\/script>\n<!-- \/ Yoast SEO plugin. -->","yoast_head_json":{"title":"Le projet de Podeliha - Les Amis du Patrimoine Tr\u00e9laz\u00e9en","robots":{"index":"index","follow":"follow","max-snippet":"max-snippet:-1","max-image-preview":"max-image-preview:large","max-video-preview":"max-video-preview:-1"},"canonical":"https:\/\/manu-trelaze.com\/index.php\/le-projet-urbain\/le-projet-de-podeliha\/","og_locale":"fr_FR","og_type":"article","og_title":"Le projet de Podeliha - Les Amis du Patrimoine Tr\u00e9laz\u00e9en","og_description":"Le projet de Podeliha&nbsp;: une op\u00e9ration concert\u00e9ePodeliha lance une consultation de ma\u00eetrise d\u2019\u0153uvre de r\u00e9alisation en 2016. C\u2019est l\u2019\u00e9quipe Phytolab de Nantes qui est retenue. Phytolab s\u2019inscrit dans les \u00e9tudes de la Fabrique Urbaine mais certaines modificationssont demand\u00e9es par les associations, fondatrices des Amis des Allumettes, et accept\u00e9es, pour partie, par Podeliha. Parall\u00e8lement, pour arriver [&hellip;]","og_url":"https:\/\/manu-trelaze.com\/index.php\/le-projet-urbain\/le-projet-de-podeliha\/","og_site_name":"Les Amis du Patrimoine Tr\u00e9laz\u00e9en","article_modified_time":"2020-09-07T23:33:05+00:00","og_image":[{"url":"https:\/\/manu-trelaze.com\/wp-content\/uploads\/2020\/09\/Parc-central-1024x779.jpg"}],"twitter_card":"summary_large_image","twitter_misc":{"Dur\u00e9e de lecture estim\u00e9e":"1 minute"},"schema":{"@context":"https:\/\/schema.org","@graph":[{"@type":"WebPage","@id":"https:\/\/manu-trelaze.com\/index.php\/le-projet-urbain\/le-projet-de-podeliha\/","url":"https:\/\/manu-trelaze.com\/index.php\/le-projet-urbain\/le-projet-de-podeliha\/","name":"Le projet de Podeliha - Les Amis du Patrimoine Tr\u00e9laz\u00e9en","isPartOf":{"@id":"https:\/\/manu-trelaze.com\/#website"},"datePublished":"2020-08-28T13:10:33+00:00","dateModified":"2020-09-07T23:33:05+00:00","breadcrumb":{"@id":"https:\/\/manu-trelaze.com\/index.php\/le-projet-urbain\/le-projet-de-podeliha\/#breadcrumb"},"inLanguage":"fr-FR","potentialAction":[{"@type":"ReadAction","target":["https:\/\/manu-trelaze.com\/index.php\/le-projet-urbain\/le-projet-de-podeliha\/"]}]},{"@type":"BreadcrumbList","@id":"https:\/\/manu-trelaze.com\/index.php\/le-projet-urbain\/le-projet-de-podeliha\/#breadcrumb","itemListElement":[{"@type":"ListItem","position":1,"name":"Accueil","item":"https:\/\/manu-trelaze.com\/"},{"@type":"ListItem","position":2,"name":"Le projet urbain","item":"https:\/\/manu-trelaze.com\/index.php\/le-projet-urbain\/"},{"@type":"ListItem","position":3,"name":"Le projet de Podeliha"}]},{"@type":"WebSite","@id":"https:\/\/manu-trelaze.com\/#website","url":"https:\/\/manu-trelaze.com\/","name":"Les Amis du Patrimoine Tr\u00e9laz\u00e9en","description":"Les Amis du Patrimoine Tr\u00e9laz\u00e9en","potentialAction":[{"@type":"SearchAction","target":{"@type":"EntryPoint","urlTemplate":"https:\/\/manu-trelaze.com\/?s={search_term_string}"},"query-input":"required name=search_term_string"}],"inLanguage":"fr-FR"}]}},"_links":{"self":[{"href":"https:\/\/manu-trelaze.com\/index.php\/wp-json\/wp\/v2\/pages\/213151"}],"collection":[{"href":"https:\/\/manu-trelaze.com\/index.php\/wp-json\/wp\/v2\/pages"}],"about":[{"href":"https:\/\/manu-trelaze.com\/index.php\/wp-json\/wp\/v2\/types\/page"}],"author":[{"embeddable":true,"href":"https:\/\/manu-trelaze.com\/index.php\/wp-json\/wp\/v2\/users\/1"}],"replies":[{"embeddable":true,"href":"https:\/\/manu-trelaze.com\/index.php\/wp-json\/wp\/v2\/comments?post=213151"}],"version-history":[{"count":1,"href":"https:\/\/manu-trelaze.com\/index.php\/wp-json\/wp\/v2\/pages\/213151\/revisions"}],"predecessor-version":[{"id":213479,"href":"https:\/\/manu-trelaze.com\/index.php\/wp-json\/wp\/v2\/pages\/213151\/revisions\/213479"}],"up":[{"embeddable":true,"href":"https:\/\/manu-trelaze.com\/index.php\/wp-json\/wp\/v2\/pages\/213147"}],"wp:attachment":[{"href":"https:\/\/manu-trelaze.com\/index.php\/wp-json\/wp\/v2\/media?parent=213151"}],"curies":[{"name":"wp","href":"https:\/\/api.w.org\/{rel}","templated":true}]}}

<p><strong>Le projet de Podeliha&nbsp;: une opération concertée</strong><br>Podeliha lance une consultation de maîtrise d’œuvre de réalisation en 2016. C’est l’équipe Phytolab de Nantes qui est retenue. Phytolab s’inscrit dans les études de la Fabrique Urbaine mais certaines modifications<br>sont demandées par les associations, fondatrices des Amis des Allumettes, et acceptées, pour partie, par Podeliha. Parallèlement, pour arriver à boucler le financement de ce projet urbain difficile, Podeliha demande que soit intégré dans le projet un magasin Lidl de «&nbsp;nouvelle génération&nbsp;» avec l’engagement de transformer la halle H en parking public/privé. Les associations acceptent ce projet sous réserve que la mairie s’engage à créer une salle de mémoire et de réunion dans cette halle H. Ce qui est accepté. Le projet urbain propose un plan masse permettant d’accueillir à terme environ 340 logements dans un cadre beaucoup moins minéral qu’à l’origine.</p>



<p><br><br>La hauteur des futurs logements est limitée à 12 mètres à l’égout du toit et à 16m au sommet.<br></p>



<p><strong>Axonométrie</strong><br>Un axe principal reliera Trélazé aux Pont de Cé<br></p>



<figure class="wp-block-gallery columns-1 is-cropped"><ul class="blocks-gallery-grid"><li class="blocks-gallery-item"><figure><img src="https://manu-trelaze.com/wp-content/uploads/2020/09/Parc-central-1024x779.jpg" alt="" data-id="213245" data-full-url="https://manu-trelaze.com/wp-content/uploads/2020/09/Parc-central.jpg" data-link="http://localhost:10069/le-projet-urbain/le-projet-de-podeliha/parc-central/" class="wp-image-213245"/></figure></li></ul></figure>



<p><br>Les ateliers occupés par les artistes seront sauvegardés pour la plupart ainsi que les 6 arbres majestueux.<br></p>



<figure class="wp-block-gallery columns-2 is-cropped"><ul class="blocks-gallery-grid"><li class="blocks-gallery-item"><figure><img src="https://manu-trelaze.com/wp-content/uploads/2020/09/P1704-AVP-montage-bassin-1024x569.jpg" alt="" data-id="213241" data-link="http://localhost:10069/le-projet-urbain/le-projet-de-podeliha/p1704-avp-montage-bassin/" class="wp-image-213241"/></figure></li><li class="blocks-gallery-item"><figure><img src="https://manu-trelaze.com/wp-content/uploads/2020/09/rue-artistes-1024x768.jpg" alt="" data-id="213242" data-full-url="https://manu-trelaze.com/wp-content/uploads/2020/09/rue-artistes-scaled.jpg" data-link="http://localhost:10069/le-projet-urbain/le-projet-de-podeliha/rue-artistes/" class="wp-image-213242"/></figure></li></ul></figure>



<p><br>Un espace vert central accueillera un bassin et mettra en valeur la cheminée et le château d’eau.</p>



<figure class="wp-block-image size-large"><img src="https://manu-trelaze.com/wp-content/uploads/2020/09/Plans-884x1024.jpg" alt="" class="wp-image-213240"/></figure>



<p></p>



<figure class="wp-block-gallery columns-2 is-cropped"><ul class="blocks-gallery-grid"><li class="blocks-gallery-item"><figure><img src="https://manu-trelaze.com/wp-content/uploads/2020/09/Coupe-1024x444.jpg" alt="" data-id="213243" data-link="http://localhost:10069/le-projet-urbain/le-projet-de-podeliha/coupe/" class="wp-image-213243"/></figure></li><li class="blocks-gallery-item"><figure><img src="https://manu-trelaze.com/wp-content/uploads/2020/09/Rue-principale-1024x768.jpg" alt="" data-id="213244" data-full-url="https://manu-trelaze.com/wp-content/uploads/2020/09/Rue-principale-scaled.jpg" data-link="http://localhost:10069/le-projet-urbain/le-projet-de-podeliha/rue-principale/" class="wp-image-213244"/></figure></li></ul></figure>



<div class="wp-block-file"><a href="https://manu-trelaze.com/wp-content/uploads/2020/09/Présentation-Mairie-le-26-avril-2018-AVP.pdf">Présentation-Mairie-le-26-avril-2018-AVP</a><a href="https://manu-trelaze.com/wp-content/uploads/2020/09/Présentation-Mairie-le-26-avril-2018-AVP.pdf" class="wp-block-file__button" download>Télécharger</a></div>

<p>Le projet de Podeliha&nbsp;: une opération concertéePodeliha lance une consultation de maîtrise d’œuvre de réalisation en 2016. C’est l’équipe Phytolab de Nantes qui est retenue. Phytolab s’inscrit dans les études de la Fabrique Urbaine mais certaines modificationssont demandées par les associations, fondatrices des Amis des Allumettes, et acceptées, pour partie, par Podeliha. Parallèlement, pour arriver [&hellip;]</p>

<!-- This site is optimized with the Yoast SEO plugin v19.13 - https://yoast.com/wordpress/plugins/seo/ -->
<title>Le projet de Podeliha - Les Amis du Patrimoine Trélazéen</title>
<meta name="robots" content="index, follow, max-snippet:-1, max-image-preview:large, max-video-preview:-1" />
<link rel="canonical" href="https://manu-trelaze.com/index.php/le-projet-urbain/le-projet-de-podeliha/" />
<meta property="og:locale" content="fr_FR" />
<meta property="og:type" content="article" />
<meta property="og:title" content="Le projet de Podeliha - Les Amis du Patrimoine Trélazéen" />
<meta property="og:description" content="Le projet de Podeliha&nbsp;: une opération concertéePodeliha lance une consultation de maîtrise d’œuvre de réalisation en 2016. C’est l’équipe Phytolab de Nantes qui est retenue. Phytolab s’inscrit dans les études de la Fabrique Urbaine mais certaines modificationssont demandées par les associations, fondatrices des Amis des Allumettes, et acceptées, pour partie, par Podeliha. Parallèlement, pour arriver [&hellip;]" />
<meta property="og:url" content="https://manu-trelaze.com/index.php/le-projet-urbain/le-projet-de-podeliha/" />
<meta property="og:site_name" content="Les Amis du Patrimoine Trélazéen" />
<meta property="article:modified_time" content="2020-09-07T23:33:05+00:00" />
<meta property="og:image" content="https://manu-trelaze.com/wp-content/uploads/2020/09/Parc-central-1024x779.jpg" />
<meta name="twitter:card" content="summary_large_image" />
<meta name="twitter:label1" content="Durée de lecture estimée" />
	<meta name="twitter:data1" content="1 minute" />
<script type="application/ld+json" class="yoast-schema-graph">{"@context":"https://schema.org","@graph":[{"@type":"WebPage","@id":"https://manu-trelaze.com/index.php/le-projet-urbain/le-projet-de-podeliha/","url":"https://manu-trelaze.com/index.php/le-projet-urbain/le-projet-de-podeliha/","name":"Le projet de Podeliha - Les Amis du Patrimoine Trélazéen","isPartOf":{"@id":"https://manu-trelaze.com/#website"},"datePublished":"2020-08-28T13:10:33+00:00","dateModified":"2020-09-07T23:33:05+00:00","breadcrumb":{"@id":"https://manu-trelaze.com/index.php/le-projet-urbain/le-projet-de-podeliha/#breadcrumb"},"inLanguage":"fr-FR","potentialAction":[{"@type":"ReadAction","target":["https://manu-trelaze.com/index.php/le-projet-urbain/le-projet-de-podeliha/"]}]},{"@type":"BreadcrumbList","@id":"https://manu-trelaze.com/index.php/le-projet-urbain/le-projet-de-podeliha/#breadcrumb","itemListElement":[{"@type":"ListItem","position":1,"name":"Accueil","item":"https://manu-trelaze.com/"},{"@type":"ListItem","position":2,"name":"Le projet urbain","item":"https://manu-trelaze.com/index.php/le-projet-urbain/"},{"@type":"ListItem","position":3,"name":"Le projet de Podeliha"}]},{"@type":"WebSite","@id":"https://manu-trelaze.com/#website","url":"https://manu-trelaze.com/","name":"Les Amis du Patrimoine Trélazéen","description":"Les Amis du Patrimoine Trélazéen","potentialAction":[{"@type":"SearchAction","target":{"@type":"EntryPoint","urlTemplate":"https://manu-trelaze.com/?s={search_term_string}"},"query-input":"required name=search_term_string"}],"inLanguage":"fr-FR"}]}</script>
<!-- / Yoast SEO plugin. -->

Le projet de Podeliha - Les Amis du Patrimoine Trélazéen

Le projet de Podeliha&nbsp;: une opération concertéePodeliha lance une consultation de maîtrise d’œuvre de réalisation en 2016. C’est l’équipe Phytolab de Nantes qui est retenue. Phytolab s’inscrit dans les études de la Fabrique Urbaine mais certaines modificationssont demandées par les associations, fondatrices des Amis des Allumettes, et acceptées, pour partie, par Podeliha. Parallèlement, pour arriver [&hellip;]

Les Amis du Patrimoine Trélazéen
