{"id":213153,"date":"2020-08-28T13:11:37","date_gmt":"2020-08-28T13:11:37","guid":{"rendered":"http:\/\/localhost:10069\/?page_id=213153"},"modified":"2020-09-14T10:46:17","modified_gmt":"2020-09-14T08:46:17","slug":"les-premieres-realisations","status":"publish","type":"page","link":"https:\/\/manu-trelaze.com\/index.php\/le-projet-urbain\/les-premieres-realisations\/","title":{"rendered":"Les premi\u00e8res r\u00e9alisations"},"content":{"rendered":"\n<p><strong>Lidl et la halle parking&nbsp;:<\/strong><br>PC fin 2016 \u2013 architecte ATOME \u2013 inauguration f\u00e9vrier 2018<br><\/p>\n\n\n\n<figure class=\"wp-block-gallery columns-2 is-cropped\"><ul class=\"blocks-gallery-grid\"><li class=\"blocks-gallery-item\"><figure><img src=\"https:\/\/manu-trelaze.com\/wp-content\/uploads\/2020\/09\/LIDL_projet-vu-depuis-rue-J.-Jaur\u00e8s-1024x653.jpg\" alt=\"\" data-id=\"213257\" class=\"wp-image-213257\"\/><\/figure><\/li><li class=\"blocks-gallery-item\"><figure><img src=\"https:\/\/manu-trelaze.com\/wp-content\/uploads\/2020\/09\/halle-avant-768x1024.jpg\" alt=\"\" data-id=\"213258\" data-full-url=\"https:\/\/manu-trelaze.com\/wp-content\/uploads\/2020\/09\/halle-avant-scaled.jpg\" data-link=\"http:\/\/localhost:10069\/le-projet-urbain\/les-premieres-realisations\/halle-avant\/\" class=\"wp-image-213258\"\/><\/figure><\/li><\/ul><\/figure>\n\n\n\n<p><br>La halle fait l\u2019objet d\u2019un profond remaniement, elle est d\u00e9barrass\u00e9e de ses ateliers, le sol est rehauss\u00e9, les verri\u00e8res r\u00e9habilit\u00e9es, le syst\u00e8me d\u2019aiguillage conserv\u00e9. Elle devient un parking couvert pour le magasin et le quartier. Et elle accueillera la salle de r\u00e9union et de m\u00e9moire.<br><\/p>\n\n\n\n<figure class=\"wp-block-gallery columns-3 is-cropped\"><ul class=\"blocks-gallery-grid\"><li class=\"blocks-gallery-item\"><figure><img src=\"https:\/\/manu-trelaze.com\/wp-content\/uploads\/2020\/09\/IMG_0889-1024x768.jpg\" alt=\"\" data-id=\"213259\" data-link=\"http:\/\/localhost:10069\/le-projet-urbain\/les-premieres-realisations\/img_0889\/\" class=\"wp-image-213259\"\/><\/figure><\/li><li class=\"blocks-gallery-item\"><figure><img src=\"https:\/\/manu-trelaze.com\/wp-content\/uploads\/2020\/09\/LIDL_projet-int\u00e9rieur-halle-1024x1024.jpg\" alt=\"\" data-id=\"213261\" data-link=\"http:\/\/localhost:10069\/le-projet-urbain\/les-premieres-realisations\/lidl_projet-interieur-halle\/\" class=\"wp-image-213261\"\/><\/figure><\/li><li class=\"blocks-gallery-item\"><figure><img src=\"https:\/\/manu-trelaze.com\/wp-content\/uploads\/2020\/09\/la-halle-avec-laiguillage-1.jpg\" alt=\"\" data-id=\"213262\" data-full-url=\"https:\/\/manu-trelaze.com\/wp-content\/uploads\/2020\/09\/la-halle-avec-laiguillage-1.jpg\" data-link=\"http:\/\/localhost:10069\/le-projet-urbain\/les-premieres-realisations\/la-halle-avec-laiguillage-1\/\" class=\"wp-image-213262\"\/><\/figure><\/li><\/ul><\/figure>\n\n\n\n<p><br><strong>Allumeti\u00e8res&nbsp;:<\/strong><br>52 logements locatifs &#8211; ma\u00eetre d\u2019ouvrage Podeliha<br>PC 2017 halles B et C \u2013 architecte LATTTUDE &#8211; entreprise Bouygues \u2013 livraison fin 2018<\/p>\n\n\n\n<p><br><\/p>\n\n\n\n<figure class=\"wp-block-gallery columns-3 is-cropped\"><ul class=\"blocks-gallery-grid\"><li class=\"blocks-gallery-item\"><figure><img src=\"https:\/\/manu-trelaze.com\/wp-content\/uploads\/2020\/09\/IMG_1097-1024x768.jpg\" alt=\"\" data-id=\"213265\" data-link=\"http:\/\/localhost:10069\/le-projet-urbain\/les-premieres-realisations\/img_1097\/\" class=\"wp-image-213265\"\/><\/figure><\/li><li class=\"blocks-gallery-item\"><figure><img src=\"https:\/\/manu-trelaze.com\/wp-content\/uploads\/2020\/09\/Vue-Int\u00e9rieure_Balcon-2-1024x704.jpg\" alt=\"\" data-id=\"213266\" data-link=\"http:\/\/localhost:10069\/le-projet-urbain\/les-premieres-realisations\/vue-interieure_balcon-2\/\" class=\"wp-image-213266\"\/><\/figure><\/li><li class=\"blocks-gallery-item\"><figure><img src=\"https:\/\/manu-trelaze.com\/wp-content\/uploads\/2020\/09\/Vue-Int\u00e9rieure_Acc\u00e8s-aux-logements-1-1024x704.jpg\" alt=\"\" data-id=\"213267\" data-full-url=\"https:\/\/manu-trelaze.com\/wp-content\/uploads\/2020\/09\/Vue-Int\u00e9rieure_Acc\u00e8s-aux-logements-1-scaled.jpg\" data-link=\"http:\/\/localhost:10069\/le-projet-urbain\/les-premieres-realisations\/vue-interieure_acces-aux-logements-1\/\" class=\"wp-image-213267\"\/><\/figure><\/li><\/ul><\/figure>\n\n\n\n<p><br>Cette op\u00e9ration remarquable a \u00e9t\u00e9 laur\u00e9ate du Grand Prix D\u00e9partemental de l\u2019architecture 2020<\/p>\n\n\n\n<p><br><\/p>\n\n\n\n<figure class=\"wp-block-gallery columns-3 is-cropped\"><ul class=\"blocks-gallery-grid\"><li class=\"blocks-gallery-item\"><figure><img src=\"https:\/\/manu-trelaze.com\/wp-content\/uploads\/2020\/09\/20200325_160632-1024x768.jpg\" alt=\"\" data-id=\"213268\" data-link=\"http:\/\/localhost:10069\/le-projet-urbain\/les-premieres-realisations\/20200325_160632\/\" class=\"wp-image-213268\"\/><\/figure><\/li><li class=\"blocks-gallery-item\"><figure><img src=\"https:\/\/manu-trelaze.com\/wp-content\/uploads\/2020\/09\/20200325_160727-1024x768.jpg\" alt=\"\" data-id=\"213269\" data-link=\"http:\/\/localhost:10069\/le-projet-urbain\/les-premieres-realisations\/20200325_160727\/\" class=\"wp-image-213269\"\/><\/figure><\/li><li class=\"blocks-gallery-item\"><figure><img src=\"https:\/\/manu-trelaze.com\/wp-content\/uploads\/2020\/09\/IMG_1073-1024x768.jpg\" alt=\"\" data-id=\"213270\" data-full-url=\"http:\/\/localhost:10069\/wp-content\/uploads\/2020\/08\/IMG_1073-scaled.jpg\" data-link=\"http:\/\/localhost:10069\/le-projet-urbain\/les-premieres-realisations\/img_1073\/\" class=\"wp-image-213270\"\/><\/figure><\/li><\/ul><\/figure>\n\n\n\n<p><br>L\u2019inauguration a eu lieu en pr\u00e9sence et en l\u2019honneur de quelques-unes des anciennes ouvri\u00e8res d\u2019o\u00f9 le nom donn\u00e9 au programme \u00ab&nbsp;les allumeti\u00e8res&nbsp;\u00bb.<\/p>\n\n\n\n<figure class=\"wp-block-gallery columns-2 is-cropped\"><ul class=\"blocks-gallery-grid\"><li class=\"blocks-gallery-item\"><figure><img src=\"https:\/\/manu-trelaze.com\/wp-content\/uploads\/2020\/09\/2019-02-08-17.24.34-1024x768.jpg\" alt=\"\" data-id=\"213271\" data-link=\"http:\/\/localhost:10069\/le-projet-urbain\/les-premieres-realisations\/2019-02-08-17-24-34\/\" class=\"wp-image-213271\"\/><\/figure><\/li><li class=\"blocks-gallery-item\"><figure><img src=\"https:\/\/manu-trelaze.com\/wp-content\/uploads\/2020\/09\/2019-02-08-17.24.59-1024x768.jpg\" alt=\"\" data-id=\"213272\" data-full-url=\"https:\/\/manu-trelaze.com\/wp-content\/uploads\/2020\/09\/2019-02-08-17.24.59-scaled.jpg\" data-link=\"http:\/\/localhost:10069\/le-projet-urbain\/les-premieres-realisations\/2019-02-08-17-24-59\/\" class=\"wp-image-213272\"\/><\/figure><\/li><\/ul><\/figure>\n","protected":false},"excerpt":{"rendered":"<p>Lidl et la halle parking&nbsp;:PC fin 2016 \u2013 architecte ATOME \u2013 inauguration f\u00e9vrier 2018 La halle fait l\u2019objet d\u2019un profond remaniement, elle est d\u00e9barrass\u00e9e de ses ateliers, le sol est rehauss\u00e9, les verri\u00e8res r\u00e9habilit\u00e9es, le syst\u00e8me d\u2019aiguillage conserv\u00e9. Elle devient un parking couvert pour le magasin et le quartier. Et elle accueillera la salle de [&hellip;]<\/p>\n","protected":false},"author":1,"featured_media":0,"parent":213147,"menu_order":0,"comment_status":"closed","ping_status":"closed","template":"","meta":{"_et_pb_use_builder":"off","_et_pb_old_content":"","_et_gb_content_width":""},"yoast_head":"<!-- This site is optimized with the Yoast SEO plugin v19.13 - https:\/\/yoast.com\/wordpress\/plugins\/seo\/ -->\n<title>Les premi\u00e8res r\u00e9alisations - Les Amis du Patrimoine Tr\u00e9laz\u00e9en<\/title>\n<meta name=\"robots\" content=\"index, follow, max-snippet:-1, max-image-preview:large, max-video-preview:-1\" \/>\n<link rel=\"canonical\" href=\"https:\/\/manu-trelaze.com\/index.php\/le-projet-urbain\/les-premieres-realisations\/\" \/>\n<meta property=\"og:locale\" content=\"fr_FR\" \/>\n<meta property=\"og:type\" content=\"article\" \/>\n<meta property=\"og:title\" content=\"Les premi\u00e8res r\u00e9alisations - Les Amis du Patrimoine Tr\u00e9laz\u00e9en\" \/>\n<meta property=\"og:description\" content=\"Lidl et la halle parking&nbsp;:PC fin 2016 \u2013 architecte ATOME \u2013 inauguration f\u00e9vrier 2018 La halle fait l\u2019objet d\u2019un profond remaniement, elle est d\u00e9barrass\u00e9e de ses ateliers, le sol est rehauss\u00e9, les verri\u00e8res r\u00e9habilit\u00e9es, le syst\u00e8me d\u2019aiguillage conserv\u00e9. Elle devient un parking couvert pour le magasin et le quartier. Et elle accueillera la salle de [&hellip;]\" \/>\n<meta property=\"og:url\" content=\"https:\/\/manu-trelaze.com\/index.php\/le-projet-urbain\/les-premieres-realisations\/\" \/>\n<meta property=\"og:site_name\" content=\"Les Amis du Patrimoine Tr\u00e9laz\u00e9en\" \/>\n<meta property=\"article:modified_time\" content=\"2020-09-14T08:46:17+00:00\" \/>\n<meta property=\"og:image\" content=\"https:\/\/manu-trelaze.com\/wp-content\/uploads\/2020\/09\/halle-avant-768x1024.jpg\" \/>\n<meta name=\"twitter:card\" content=\"summary_large_image\" \/>\n<meta name=\"twitter:label1\" content=\"Dur\u00e9e de lecture estim\u00e9e\" \/>\n\t<meta name=\"twitter:data1\" content=\"1 minute\" \/>\n<script type=\"application\/ld+json\" class=\"yoast-schema-graph\">{\"@context\":\"https:\/\/schema.org\",\"@graph\":[{\"@type\":\"WebPage\",\"@id\":\"https:\/\/manu-trelaze.com\/index.php\/le-projet-urbain\/les-premieres-realisations\/\",\"url\":\"https:\/\/manu-trelaze.com\/index.php\/le-projet-urbain\/les-premieres-realisations\/\",\"name\":\"Les premi\u00e8res r\u00e9alisations - Les Amis du Patrimoine Tr\u00e9laz\u00e9en\",\"isPartOf\":{\"@id\":\"https:\/\/manu-trelaze.com\/#website\"},\"datePublished\":\"2020-08-28T13:11:37+00:00\",\"dateModified\":\"2020-09-14T08:46:17+00:00\",\"breadcrumb\":{\"@id\":\"https:\/\/manu-trelaze.com\/index.php\/le-projet-urbain\/les-premieres-realisations\/#breadcrumb\"},\"inLanguage\":\"fr-FR\",\"potentialAction\":[{\"@type\":\"ReadAction\",\"target\":[\"https:\/\/manu-trelaze.com\/index.php\/le-projet-urbain\/les-premieres-realisations\/\"]}]},{\"@type\":\"BreadcrumbList\",\"@id\":\"https:\/\/manu-trelaze.com\/index.php\/le-projet-urbain\/les-premieres-realisations\/#breadcrumb\",\"itemListElement\":[{\"@type\":\"ListItem\",\"position\":1,\"name\":\"Accueil\",\"item\":\"https:\/\/manu-trelaze.com\/\"},{\"@type\":\"ListItem\",\"position\":2,\"name\":\"Le projet urbain\",\"item\":\"https:\/\/manu-trelaze.com\/index.php\/le-projet-urbain\/\"},{\"@type\":\"ListItem\",\"position\":3,\"name\":\"Les premi\u00e8res r\u00e9alisations\"}]},{\"@type\":\"WebSite\",\"@id\":\"https:\/\/manu-trelaze.com\/#website\",\"url\":\"https:\/\/manu-trelaze.com\/\",\"name\":\"Les Amis du Patrimoine Tr\u00e9laz\u00e9en\",\"description\":\"Les Amis du Patrimoine Tr\u00e9laz\u00e9en\",\"potentialAction\":[{\"@type\":\"SearchAction\",\"target\":{\"@type\":\"EntryPoint\",\"urlTemplate\":\"https:\/\/manu-trelaze.com\/?s={search_term_string}\"},\"query-input\":\"required name=search_term_string\"}],\"inLanguage\":\"fr-FR\"}]}<\/script>\n<!-- \/ Yoast SEO plugin. -->","yoast_head_json":{"title":"Les premi\u00e8res r\u00e9alisations - Les Amis du Patrimoine Tr\u00e9laz\u00e9en","robots":{"index":"index","follow":"follow","max-snippet":"max-snippet:-1","max-image-preview":"max-image-preview:large","max-video-preview":"max-video-preview:-1"},"canonical":"https:\/\/manu-trelaze.com\/index.php\/le-projet-urbain\/les-premieres-realisations\/","og_locale":"fr_FR","og_type":"article","og_title":"Les premi\u00e8res r\u00e9alisations - Les Amis du Patrimoine Tr\u00e9laz\u00e9en","og_description":"Lidl et la halle parking&nbsp;:PC fin 2016 \u2013 architecte ATOME \u2013 inauguration f\u00e9vrier 2018 La halle fait l\u2019objet d\u2019un profond remaniement, elle est d\u00e9barrass\u00e9e de ses ateliers, le sol est rehauss\u00e9, les verri\u00e8res r\u00e9habilit\u00e9es, le syst\u00e8me d\u2019aiguillage conserv\u00e9. Elle devient un parking couvert pour le magasin et le quartier. Et elle accueillera la salle de [&hellip;]","og_url":"https:\/\/manu-trelaze.com\/index.php\/le-projet-urbain\/les-premieres-realisations\/","og_site_name":"Les Amis du Patrimoine Tr\u00e9laz\u00e9en","article_modified_time":"2020-09-14T08:46:17+00:00","og_image":[{"url":"https:\/\/manu-trelaze.com\/wp-content\/uploads\/2020\/09\/halle-avant-768x1024.jpg"}],"twitter_card":"summary_large_image","twitter_misc":{"Dur\u00e9e de lecture estim\u00e9e":"1 minute"},"schema":{"@context":"https:\/\/schema.org","@graph":[{"@type":"WebPage","@id":"https:\/\/manu-trelaze.com\/index.php\/le-projet-urbain\/les-premieres-realisations\/","url":"https:\/\/manu-trelaze.com\/index.php\/le-projet-urbain\/les-premieres-realisations\/","name":"Les premi\u00e8res r\u00e9alisations - Les Amis du Patrimoine Tr\u00e9laz\u00e9en","isPartOf":{"@id":"https:\/\/manu-trelaze.com\/#website"},"datePublished":"2020-08-28T13:11:37+00:00","dateModified":"2020-09-14T08:46:17+00:00","breadcrumb":{"@id":"https:\/\/manu-trelaze.com\/index.php\/le-projet-urbain\/les-premieres-realisations\/#breadcrumb"},"inLanguage":"fr-FR","potentialAction":[{"@type":"ReadAction","target":["https:\/\/manu-trelaze.com\/index.php\/le-projet-urbain\/les-premieres-realisations\/"]}]},{"@type":"BreadcrumbList","@id":"https:\/\/manu-trelaze.com\/index.php\/le-projet-urbain\/les-premieres-realisations\/#breadcrumb","itemListElement":[{"@type":"ListItem","position":1,"name":"Accueil","item":"https:\/\/manu-trelaze.com\/"},{"@type":"ListItem","position":2,"name":"Le projet urbain","item":"https:\/\/manu-trelaze.com\/index.php\/le-projet-urbain\/"},{"@type":"ListItem","position":3,"name":"Les premi\u00e8res r\u00e9alisations"}]},{"@type":"WebSite","@id":"https:\/\/manu-trelaze.com\/#website","url":"https:\/\/manu-trelaze.com\/","name":"Les Amis du Patrimoine Tr\u00e9laz\u00e9en","description":"Les Amis du Patrimoine Tr\u00e9laz\u00e9en","potentialAction":[{"@type":"SearchAction","target":{"@type":"EntryPoint","urlTemplate":"https:\/\/manu-trelaze.com\/?s={search_term_string}"},"query-input":"required name=search_term_string"}],"inLanguage":"fr-FR"}]}},"_links":{"self":[{"href":"https:\/\/manu-trelaze.com\/index.php\/wp-json\/wp\/v2\/pages\/213153"}],"collection":[{"href":"https:\/\/manu-trelaze.com\/index.php\/wp-json\/wp\/v2\/pages"}],"about":[{"href":"https:\/\/manu-trelaze.com\/index.php\/wp-json\/wp\/v2\/types\/page"}],"author":[{"embeddable":true,"href":"https:\/\/manu-trelaze.com\/index.php\/wp-json\/wp\/v2\/users\/1"}],"replies":[{"embeddable":true,"href":"https:\/\/manu-trelaze.com\/index.php\/wp-json\/wp\/v2\/comments?post=213153"}],"version-history":[{"count":2,"href":"https:\/\/manu-trelaze.com\/index.php\/wp-json\/wp\/v2\/pages\/213153\/revisions"}],"predecessor-version":[{"id":213531,"href":"https:\/\/manu-trelaze.com\/index.php\/wp-json\/wp\/v2\/pages\/213153\/revisions\/213531"}],"up":[{"embeddable":true,"href":"https:\/\/manu-trelaze.com\/index.php\/wp-json\/wp\/v2\/pages\/213147"}],"wp:attachment":[{"href":"https:\/\/manu-trelaze.com\/index.php\/wp-json\/wp\/v2\/media?parent=213153"}],"curies":[{"name":"wp","href":"https:\/\/api.w.org\/{rel}","templated":true}]}}