{"id":213155,"date":"2020-08-28T13:12:03","date_gmt":"2020-08-28T13:12:03","guid":{"rendered":"http:\/\/localhost:10069\/?page_id=213155"},"modified":"2020-09-14T08:35:54","modified_gmt":"2020-09-14T06:35:54","slug":"les-programmes-futurs","status":"publish","type":"page","link":"https:\/\/manu-trelaze.com\/index.php\/le-projet-urbain\/les-programmes-futurs\/","title":{"rendered":"Les programmes futurs"},"content":{"rendered":"\n<p><strong>R\u00e9novation des halles D et E<\/strong><br>Accession sociale et locatif &#8211; 48 logements<br>PC en 2019 \u2013 architecte Jacques Boucheton &#8211; entreprise Eiffage<br><br><\/p>\n\n\n\n<figure class=\"wp-block-image size-large\"><img loading=\"lazy\" width=\"1024\" height=\"575\" src=\"https:\/\/manu-trelaze.com\/wp-content\/uploads\/2020\/09\/18-19-PC-ALLUMETTES-PRESENTATION-181217-def_Page_14-1-1024x575.jpg\" alt=\"\" class=\"wp-image-213521\" srcset=\"https:\/\/manu-trelaze.com\/wp-content\/uploads\/2020\/09\/18-19-PC-ALLUMETTES-PRESENTATION-181217-def_Page_14-1-1024x575.jpg 1024w, https:\/\/manu-trelaze.com\/wp-content\/uploads\/2020\/09\/18-19-PC-ALLUMETTES-PRESENTATION-181217-def_Page_14-1-980x550.jpg 980w, https:\/\/manu-trelaze.com\/wp-content\/uploads\/2020\/09\/18-19-PC-ALLUMETTES-PRESENTATION-181217-def_Page_14-1-480x270.jpg 480w\" sizes=\"(min-width: 0px) and (max-width: 480px) 480px, (min-width: 481px) and (max-width: 980px) 980px, (min-width: 981px) 1024px, 100vw\" \/><\/figure>\n\n\n\n<figure class=\"wp-block-gallery columns-3 is-cropped\"><ul class=\"blocks-gallery-grid\"><li class=\"blocks-gallery-item\"><figure><img src=\"https:\/\/manu-trelaze.com\/wp-content\/uploads\/2020\/09\/20200325_161136-1024x768.jpg\" alt=\"\" data-id=\"213274\" data-link=\"http:\/\/localhost:10069\/le-projet-urbain\/les-programmes-futurs\/20200325_161136\/\" class=\"wp-image-213274\"\/><\/figure><\/li><li class=\"blocks-gallery-item\"><figure><img src=\"https:\/\/manu-trelaze.com\/wp-content\/uploads\/2020\/09\/20200325_160833-1024x768.jpg\" alt=\"\" data-id=\"213275\" data-link=\"http:\/\/localhost:10069\/le-projet-urbain\/les-programmes-futurs\/20200325_160833\/\" class=\"wp-image-213275\"\/><\/figure><\/li><li class=\"blocks-gallery-item\"><figure><img src=\"https:\/\/manu-trelaze.com\/wp-content\/uploads\/2020\/09\/20200325_160805-1024x768.jpg\" alt=\"\" data-id=\"213276\" data-full-url=\"https:\/\/manu-trelaze.com\/wp-content\/uploads\/2020\/09\/20200325_160805-scaled.jpg\" data-link=\"http:\/\/localhost:10069\/le-projet-urbain\/les-programmes-futurs\/20200325_160805\/\" class=\"wp-image-213276\"\/><\/figure><\/li><\/ul><\/figure>\n\n\n\n<p><strong>Services techniques de Podeliha Halle I<\/strong><br>Architecte Thellier<br>Projet en cours de r\u00e9habilitation \u2013 Livraison 2021<br><\/p>\n\n\n\n<figure class=\"wp-block-image size-large\"><img loading=\"lazy\" width=\"1024\" height=\"575\" src=\"https:\/\/manu-trelaze.com\/wp-content\/uploads\/2020\/09\/PC-6-PERS-1-1024x575.jpg\" alt=\"\" class=\"wp-image-213520\" srcset=\"https:\/\/manu-trelaze.com\/wp-content\/uploads\/2020\/09\/PC-6-PERS-1-1024x575.jpg 1024w, https:\/\/manu-trelaze.com\/wp-content\/uploads\/2020\/09\/PC-6-PERS-1-980x550.jpg 980w, https:\/\/manu-trelaze.com\/wp-content\/uploads\/2020\/09\/PC-6-PERS-1-480x270.jpg 480w\" sizes=\"(min-width: 0px) and (max-width: 480px) 480px, (min-width: 481px) and (max-width: 980px) 980px, (min-width: 981px) 1024px, 100vw\" \/><\/figure>\n\n\n\n<p><strong>Projet Abraham<\/strong><br>Programme accession \u2013 72 logements &#8211; PC en 2018 \u2013 architecte Lacroix Architecture<br><\/p>\n\n\n\n<figure class=\"wp-block-image size-large\"><img src=\"https:\/\/manu-trelaze.com\/wp-content\/uploads\/2020\/09\/IMAGES-CREATIONS-P2i-Allumiere-illustration-02-HD-all\u00e9g\u00e9e.jpg\" alt=\"\" class=\"wp-image-213277\"\/><\/figure>\n","protected":false},"excerpt":{"rendered":"<p>R\u00e9novation des halles D et EAccession sociale et locatif &#8211; 48 logementsPC en 2019 \u2013 architecte Jacques Boucheton &#8211; entreprise Eiffage Services techniques de Podeliha Halle IArchitecte ThellierProjet en cours de r\u00e9habilitation \u2013 Livraison 2021 Projet AbrahamProgramme accession \u2013 72 logements &#8211; PC en 2018 \u2013 architecte Lacroix Architecture<\/p>\n","protected":false},"author":1,"featured_media":0,"parent":213147,"menu_order":0,"comment_status":"closed","ping_status":"closed","template":"","meta":{"_et_pb_use_builder":"off","_et_pb_old_content":"","_et_gb_content_width":""},"yoast_head":"<!-- This site is optimized with the Yoast SEO plugin v19.13 - https:\/\/yoast.com\/wordpress\/plugins\/seo\/ -->\n<title>Les programmes futurs - Les Amis du Patrimoine Tr\u00e9laz\u00e9en<\/title>\n<meta name=\"robots\" content=\"index, follow, max-snippet:-1, max-image-preview:large, max-video-preview:-1\" \/>\n<link rel=\"canonical\" href=\"https:\/\/manu-trelaze.com\/index.php\/le-projet-urbain\/les-programmes-futurs\/\" \/>\n<meta property=\"og:locale\" content=\"fr_FR\" \/>\n<meta property=\"og:type\" content=\"article\" \/>\n<meta property=\"og:title\" content=\"Les programmes futurs - Les Amis du Patrimoine Tr\u00e9laz\u00e9en\" \/>\n<meta property=\"og:description\" content=\"R\u00e9novation des halles D et EAccession sociale et locatif &#8211; 48 logementsPC en 2019 \u2013 architecte Jacques Boucheton &#8211; entreprise Eiffage Services techniques de Podeliha Halle IArchitecte ThellierProjet en cours de r\u00e9habilitation \u2013 Livraison 2021 Projet AbrahamProgramme accession \u2013 72 logements &#8211; PC en 2018 \u2013 architecte Lacroix Architecture\" \/>\n<meta property=\"og:url\" content=\"https:\/\/manu-trelaze.com\/index.php\/le-projet-urbain\/les-programmes-futurs\/\" \/>\n<meta property=\"og:site_name\" content=\"Les Amis du Patrimoine Tr\u00e9laz\u00e9en\" \/>\n<meta property=\"article:modified_time\" content=\"2020-09-14T06:35:54+00:00\" \/>\n<meta property=\"og:image\" content=\"https:\/\/manu-trelaze.com\/wp-content\/uploads\/2020\/09\/18-19-PC-ALLUMETTES-PRESENTATION-181217-def_Page_14-1-1024x575.jpg\" \/>\n<meta name=\"twitter:card\" content=\"summary_large_image\" \/>\n<script type=\"application\/ld+json\" class=\"yoast-schema-graph\">{\"@context\":\"https:\/\/schema.org\",\"@graph\":[{\"@type\":\"WebPage\",\"@id\":\"https:\/\/manu-trelaze.com\/index.php\/le-projet-urbain\/les-programmes-futurs\/\",\"url\":\"https:\/\/manu-trelaze.com\/index.php\/le-projet-urbain\/les-programmes-futurs\/\",\"name\":\"Les programmes futurs - Les Amis du Patrimoine Tr\u00e9laz\u00e9en\",\"isPartOf\":{\"@id\":\"https:\/\/manu-trelaze.com\/#website\"},\"datePublished\":\"2020-08-28T13:12:03+00:00\",\"dateModified\":\"2020-09-14T06:35:54+00:00\",\"breadcrumb\":{\"@id\":\"https:\/\/manu-trelaze.com\/index.php\/le-projet-urbain\/les-programmes-futurs\/#breadcrumb\"},\"inLanguage\":\"fr-FR\",\"potentialAction\":[{\"@type\":\"ReadAction\",\"target\":[\"https:\/\/manu-trelaze.com\/index.php\/le-projet-urbain\/les-programmes-futurs\/\"]}]},{\"@type\":\"BreadcrumbList\",\"@id\":\"https:\/\/manu-trelaze.com\/index.php\/le-projet-urbain\/les-programmes-futurs\/#breadcrumb\",\"itemListElement\":[{\"@type\":\"ListItem\",\"position\":1,\"name\":\"Accueil\",\"item\":\"https:\/\/manu-trelaze.com\/\"},{\"@type\":\"ListItem\",\"position\":2,\"name\":\"Le projet urbain\",\"item\":\"https:\/\/manu-trelaze.com\/index.php\/le-projet-urbain\/\"},{\"@type\":\"ListItem\",\"position\":3,\"name\":\"Les programmes futurs\"}]},{\"@type\":\"WebSite\",\"@id\":\"https:\/\/manu-trelaze.com\/#website\",\"url\":\"https:\/\/manu-trelaze.com\/\",\"name\":\"Les Amis du Patrimoine Tr\u00e9laz\u00e9en\",\"description\":\"Les Amis du Patrimoine Tr\u00e9laz\u00e9en\",\"potentialAction\":[{\"@type\":\"SearchAction\",\"target\":{\"@type\":\"EntryPoint\",\"urlTemplate\":\"https:\/\/manu-trelaze.com\/?s={search_term_string}\"},\"query-input\":\"required name=search_term_string\"}],\"inLanguage\":\"fr-FR\"}]}<\/script>\n<!-- \/ Yoast SEO plugin. -->","yoast_head_json":{"title":"Les programmes futurs - Les Amis du Patrimoine Tr\u00e9laz\u00e9en","robots":{"index":"index","follow":"follow","max-snippet":"max-snippet:-1","max-image-preview":"max-image-preview:large","max-video-preview":"max-video-preview:-1"},"canonical":"https:\/\/manu-trelaze.com\/index.php\/le-projet-urbain\/les-programmes-futurs\/","og_locale":"fr_FR","og_type":"article","og_title":"Les programmes futurs - Les Amis du Patrimoine Tr\u00e9laz\u00e9en","og_description":"R\u00e9novation des halles D et EAccession sociale et locatif &#8211; 48 logementsPC en 2019 \u2013 architecte Jacques Boucheton &#8211; entreprise Eiffage Services techniques de Podeliha Halle IArchitecte ThellierProjet en cours de r\u00e9habilitation \u2013 Livraison 2021 Projet AbrahamProgramme accession \u2013 72 logements &#8211; PC en 2018 \u2013 architecte Lacroix Architecture","og_url":"https:\/\/manu-trelaze.com\/index.php\/le-projet-urbain\/les-programmes-futurs\/","og_site_name":"Les Amis du Patrimoine Tr\u00e9laz\u00e9en","article_modified_time":"2020-09-14T06:35:54+00:00","og_image":[{"url":"https:\/\/manu-trelaze.com\/wp-content\/uploads\/2020\/09\/18-19-PC-ALLUMETTES-PRESENTATION-181217-def_Page_14-1-1024x575.jpg"}],"twitter_card":"summary_large_image","schema":{"@context":"https:\/\/schema.org","@graph":[{"@type":"WebPage","@id":"https:\/\/manu-trelaze.com\/index.php\/le-projet-urbain\/les-programmes-futurs\/","url":"https:\/\/manu-trelaze.com\/index.php\/le-projet-urbain\/les-programmes-futurs\/","name":"Les programmes futurs - Les Amis du Patrimoine Tr\u00e9laz\u00e9en","isPartOf":{"@id":"https:\/\/manu-trelaze.com\/#website"},"datePublished":"2020-08-28T13:12:03+00:00","dateModified":"2020-09-14T06:35:54+00:00","breadcrumb":{"@id":"https:\/\/manu-trelaze.com\/index.php\/le-projet-urbain\/les-programmes-futurs\/#breadcrumb"},"inLanguage":"fr-FR","potentialAction":[{"@type":"ReadAction","target":["https:\/\/manu-trelaze.com\/index.php\/le-projet-urbain\/les-programmes-futurs\/"]}]},{"@type":"BreadcrumbList","@id":"https:\/\/manu-trelaze.com\/index.php\/le-projet-urbain\/les-programmes-futurs\/#breadcrumb","itemListElement":[{"@type":"ListItem","position":1,"name":"Accueil","item":"https:\/\/manu-trelaze.com\/"},{"@type":"ListItem","position":2,"name":"Le projet urbain","item":"https:\/\/manu-trelaze.com\/index.php\/le-projet-urbain\/"},{"@type":"ListItem","position":3,"name":"Les programmes futurs"}]},{"@type":"WebSite","@id":"https:\/\/manu-trelaze.com\/#website","url":"https:\/\/manu-trelaze.com\/","name":"Les Amis du Patrimoine Tr\u00e9laz\u00e9en","description":"Les Amis du Patrimoine Tr\u00e9laz\u00e9en","potentialAction":[{"@type":"SearchAction","target":{"@type":"EntryPoint","urlTemplate":"https:\/\/manu-trelaze.com\/?s={search_term_string}"},"query-input":"required name=search_term_string"}],"inLanguage":"fr-FR"}]}},"_links":{"self":[{"href":"https:\/\/manu-trelaze.com\/index.php\/wp-json\/wp\/v2\/pages\/213155"}],"collection":[{"href":"https:\/\/manu-trelaze.com\/index.php\/wp-json\/wp\/v2\/pages"}],"about":[{"href":"https:\/\/manu-trelaze.com\/index.php\/wp-json\/wp\/v2\/types\/page"}],"author":[{"embeddable":true,"href":"https:\/\/manu-trelaze.com\/index.php\/wp-json\/wp\/v2\/users\/1"}],"replies":[{"embeddable":true,"href":"https:\/\/manu-trelaze.com\/index.php\/wp-json\/wp\/v2\/comments?post=213155"}],"version-history":[{"count":2,"href":"https:\/\/manu-trelaze.com\/index.php\/wp-json\/wp\/v2\/pages\/213155\/revisions"}],"predecessor-version":[{"id":213522,"href":"https:\/\/manu-trelaze.com\/index.php\/wp-json\/wp\/v2\/pages\/213155\/revisions\/213522"}],"up":[{"embeddable":true,"href":"https:\/\/manu-trelaze.com\/index.php\/wp-json\/wp\/v2\/pages\/213147"}],"wp:attachment":[{"href":"https:\/\/manu-trelaze.com\/index.php\/wp-json\/wp\/v2\/media?parent=213155"}],"curies":[{"name":"wp","href":"https:\/\/api.w.org\/{rel}","templated":true}]}}

<p><strong>Rénovation des halles D et E</strong><br>Accession sociale et locatif &#8211; 48 logements<br>PC en 2019 – architecte Jacques Boucheton &#8211; entreprise Eiffage<br><br></p>



<figure class="wp-block-image size-large"><img loading="lazy" width="1024" height="575" src="https://manu-trelaze.com/wp-content/uploads/2020/09/18-19-PC-ALLUMETTES-PRESENTATION-181217-def_Page_14-1-1024x575.jpg" alt="" class="wp-image-213521" srcset="https://manu-trelaze.com/wp-content/uploads/2020/09/18-19-PC-ALLUMETTES-PRESENTATION-181217-def_Page_14-1-1024x575.jpg 1024w, https://manu-trelaze.com/wp-content/uploads/2020/09/18-19-PC-ALLUMETTES-PRESENTATION-181217-def_Page_14-1-980x550.jpg 980w, https://manu-trelaze.com/wp-content/uploads/2020/09/18-19-PC-ALLUMETTES-PRESENTATION-181217-def_Page_14-1-480x270.jpg 480w" sizes="(min-width: 0px) and (max-width: 480px) 480px, (min-width: 481px) and (max-width: 980px) 980px, (min-width: 981px) 1024px, 100vw" /></figure>



<figure class="wp-block-gallery columns-3 is-cropped"><ul class="blocks-gallery-grid"><li class="blocks-gallery-item"><figure><img src="https://manu-trelaze.com/wp-content/uploads/2020/09/20200325_161136-1024x768.jpg" alt="" data-id="213274" data-link="http://localhost:10069/le-projet-urbain/les-programmes-futurs/20200325_161136/" class="wp-image-213274"/></figure></li><li class="blocks-gallery-item"><figure><img src="https://manu-trelaze.com/wp-content/uploads/2020/09/20200325_160833-1024x768.jpg" alt="" data-id="213275" data-link="http://localhost:10069/le-projet-urbain/les-programmes-futurs/20200325_160833/" class="wp-image-213275"/></figure></li><li class="blocks-gallery-item"><figure><img src="https://manu-trelaze.com/wp-content/uploads/2020/09/20200325_160805-1024x768.jpg" alt="" data-id="213276" data-full-url="https://manu-trelaze.com/wp-content/uploads/2020/09/20200325_160805-scaled.jpg" data-link="http://localhost:10069/le-projet-urbain/les-programmes-futurs/20200325_160805/" class="wp-image-213276"/></figure></li></ul></figure>



<p><strong>Services techniques de Podeliha Halle I</strong><br>Architecte Thellier<br>Projet en cours de réhabilitation – Livraison 2021<br></p>



<figure class="wp-block-image size-large"><img loading="lazy" width="1024" height="575" src="https://manu-trelaze.com/wp-content/uploads/2020/09/PC-6-PERS-1-1024x575.jpg" alt="" class="wp-image-213520" srcset="https://manu-trelaze.com/wp-content/uploads/2020/09/PC-6-PERS-1-1024x575.jpg 1024w, https://manu-trelaze.com/wp-content/uploads/2020/09/PC-6-PERS-1-980x550.jpg 980w, https://manu-trelaze.com/wp-content/uploads/2020/09/PC-6-PERS-1-480x270.jpg 480w" sizes="(min-width: 0px) and (max-width: 480px) 480px, (min-width: 481px) and (max-width: 980px) 980px, (min-width: 981px) 1024px, 100vw" /></figure>



<p><strong>Projet Abraham</strong><br>Programme accession – 72 logements &#8211; PC en 2018 – architecte Lacroix Architecture<br></p>



<figure class="wp-block-image size-large"><img src="https://manu-trelaze.com/wp-content/uploads/2020/09/IMAGES-CREATIONS-P2i-Allumiere-illustration-02-HD-allégée.jpg" alt="" class="wp-image-213277"/></figure>

<p>Rénovation des halles D et EAccession sociale et locatif &#8211; 48 logementsPC en 2019 – architecte Jacques Boucheton &#8211; entreprise Eiffage Services techniques de Podeliha Halle IArchitecte ThellierProjet en cours de réhabilitation – Livraison 2021 Projet AbrahamProgramme accession – 72 logements &#8211; PC en 2018 – architecte Lacroix Architecture</p>

<!-- This site is optimized with the Yoast SEO plugin v19.13 - https://yoast.com/wordpress/plugins/seo/ -->
<title>Les programmes futurs - Les Amis du Patrimoine Trélazéen</title>
<meta name="robots" content="index, follow, max-snippet:-1, max-image-preview:large, max-video-preview:-1" />
<link rel="canonical" href="https://manu-trelaze.com/index.php/le-projet-urbain/les-programmes-futurs/" />
<meta property="og:locale" content="fr_FR" />
<meta property="og:type" content="article" />
<meta property="og:title" content="Les programmes futurs - Les Amis du Patrimoine Trélazéen" />
<meta property="og:description" content="Rénovation des halles D et EAccession sociale et locatif &#8211; 48 logementsPC en 2019 – architecte Jacques Boucheton &#8211; entreprise Eiffage Services techniques de Podeliha Halle IArchitecte ThellierProjet en cours de réhabilitation – Livraison 2021 Projet AbrahamProgramme accession – 72 logements &#8211; PC en 2018 – architecte Lacroix Architecture" />
<meta property="og:url" content="https://manu-trelaze.com/index.php/le-projet-urbain/les-programmes-futurs/" />
<meta property="og:site_name" content="Les Amis du Patrimoine Trélazéen" />
<meta property="article:modified_time" content="2020-09-14T06:35:54+00:00" />
<meta property="og:image" content="https://manu-trelaze.com/wp-content/uploads/2020/09/18-19-PC-ALLUMETTES-PRESENTATION-181217-def_Page_14-1-1024x575.jpg" />
<meta name="twitter:card" content="summary_large_image" />
<script type="application/ld+json" class="yoast-schema-graph">{"@context":"https://schema.org","@graph":[{"@type":"WebPage","@id":"https://manu-trelaze.com/index.php/le-projet-urbain/les-programmes-futurs/","url":"https://manu-trelaze.com/index.php/le-projet-urbain/les-programmes-futurs/","name":"Les programmes futurs - Les Amis du Patrimoine Trélazéen","isPartOf":{"@id":"https://manu-trelaze.com/#website"},"datePublished":"2020-08-28T13:12:03+00:00","dateModified":"2020-09-14T06:35:54+00:00","breadcrumb":{"@id":"https://manu-trelaze.com/index.php/le-projet-urbain/les-programmes-futurs/#breadcrumb"},"inLanguage":"fr-FR","potentialAction":[{"@type":"ReadAction","target":["https://manu-trelaze.com/index.php/le-projet-urbain/les-programmes-futurs/"]}]},{"@type":"BreadcrumbList","@id":"https://manu-trelaze.com/index.php/le-projet-urbain/les-programmes-futurs/#breadcrumb","itemListElement":[{"@type":"ListItem","position":1,"name":"Accueil","item":"https://manu-trelaze.com/"},{"@type":"ListItem","position":2,"name":"Le projet urbain","item":"https://manu-trelaze.com/index.php/le-projet-urbain/"},{"@type":"ListItem","position":3,"name":"Les programmes futurs"}]},{"@type":"WebSite","@id":"https://manu-trelaze.com/#website","url":"https://manu-trelaze.com/","name":"Les Amis du Patrimoine Trélazéen","description":"Les Amis du Patrimoine Trélazéen","potentialAction":[{"@type":"SearchAction","target":{"@type":"EntryPoint","urlTemplate":"https://manu-trelaze.com/?s={search_term_string}"},"query-input":"required name=search_term_string"}],"inLanguage":"fr-FR"}]}</script>
<!-- / Yoast SEO plugin. -->

Les programmes futurs - Les Amis du Patrimoine Trélazéen

Rénovation des halles D et EAccession sociale et locatif &#8211; 48 logementsPC en 2019 – architecte Jacques Boucheton &#8211; entreprise Eiffage Services techniques de Podeliha Halle IArchitecte ThellierProjet en cours de réhabilitation – Livraison 2021 Projet AbrahamProgramme accession – 72 logements &#8211; PC en 2018 – architecte Lacroix Architecture

Les Amis du Patrimoine Trélazéen
