{"id":213159,"date":"2020-08-28T13:14:03","date_gmt":"2020-08-28T13:14:03","guid":{"rendered":"http:\/\/localhost:10069\/?page_id=213159"},"modified":"2020-09-29T15:05:16","modified_gmt":"2020-09-29T13:05:16","slug":"la-salle-de-memoire-et-de-quartier","status":"publish","type":"page","link":"https:\/\/manu-trelaze.com\/index.php\/vie-de-quartier\/la-salle-de-memoire-et-de-quartier\/","title":{"rendered":"La salle de m\u00e9moire et de quartier"},"content":{"rendered":"\n<p><\/p>\n\n\n\n<p>Ce nouveau quartier va accueillir pr\u00e8s de 320 logements et donc entre 800 et 1000 habitants, cela justifie la construction d\u2019une salle de quartier qui fera office \u00e9galement de salle de m\u00e9moire de l\u2019activit\u00e9 de la Manu. Un premier projet, non retenu a \u00e9t\u00e9 r\u00e9alis\u00e9 par l\u2019agence Atome.<\/p>\n\n\n\n<div class=\"wp-block-file\"><a href=\"https:\/\/manu-trelaze.com\/wp-content\/uploads\/2020\/09\/ATOME_salle-de-m\u00e9moire_projet-Pr\u00e9sentation-01.pdf\">ATOME_salle-de-m\u00e9moire_projet-Pr\u00e9sentation-01<\/a><a href=\"https:\/\/manu-trelaze.com\/wp-content\/uploads\/2020\/09\/ATOME_salle-de-m\u00e9moire_projet-Pr\u00e9sentation-01.pdf\" class=\"wp-block-file__button\" download>T\u00e9l\u00e9charger<\/a><\/div>\n\n\n\n<p>La salle de m\u00e9moire mettra en valeur notamment l\u2019installation industrielle des aiguillages. Faisant office de salle de quartier elle pourra accueillir des panneaux d&rsquo;information sur le lieu, que l&rsquo;on retrouvera aussi sur l&rsquo;ensemble du site.<\/p>\n\n\n\n<figure class=\"wp-block-image size-large\"><img src=\"https:\/\/manu-trelaze.com\/wp-content\/uploads\/2020\/09\/IMG_0319-1-1024x768.jpg\" alt=\"\" class=\"wp-image-213335\"\/><\/figure>\n\n\n\n<p>Un second projet \u00e9tudi\u00e9 par l\u2019architecte Thellier, sous ma\u00eetrise d\u2019ouvrage de la commune est approuv\u00e9 par l\u2019association l\u2019\u00e9t\u00e9 2020. L\u2019objectif est que cette salle de 100 m2 soit construite en 2021 sur un emplacement r\u00e9serv\u00e9 dans la halle Lidl.<\/p>\n\n\n\n<figure class=\"wp-block-gallery columns-1 is-cropped\"><ul class=\"blocks-gallery-grid\"><li class=\"blocks-gallery-item\"><figure><img src=\"https:\/\/manu-trelaze.com\/wp-content\/uploads\/2020\/09\/esquisse-salle-2-1024x576.jpg\" alt=\"\" data-id=\"213324\" data-link=\"http:\/\/localhost:10069\/vie-de-quartier\/la-salle-de-memoire-et-de-quartier\/esquisse-salle-2\/\" class=\"wp-image-213324\"\/><\/figure><\/li><li class=\"blocks-gallery-item\"><figure><img src=\"https:\/\/manu-trelaze.com\/wp-content\/uploads\/2020\/09\/esquisse-salle-1-1024x576.jpg\" alt=\"\" data-id=\"213330\" data-full-url=\"https:\/\/manu-trelaze.com\/wp-content\/uploads\/2020\/09\/esquisse-salle-1-scaled.jpg\" data-link=\"http:\/\/localhost:10069\/vie-de-quartier\/la-salle-de-memoire-et-de-quartier\/esquisse-salle-1\/\" class=\"wp-image-213330\"\/><\/figure><\/li><\/ul><\/figure>\n","protected":false},"excerpt":{"rendered":"<p>Ce nouveau quartier va accueillir pr\u00e8s de 320 logements et donc entre 800 et 1000 habitants, cela justifie la construction d\u2019une salle de quartier qui fera office \u00e9galement de salle de m\u00e9moire de l\u2019activit\u00e9 de la Manu. Un premier projet, non retenu a \u00e9t\u00e9 r\u00e9alis\u00e9 par l\u2019agence Atome. La salle de m\u00e9moire mettra en valeur [&hellip;]<\/p>\n","protected":false},"author":1,"featured_media":0,"parent":213157,"menu_order":0,"comment_status":"closed","ping_status":"closed","template":"","meta":{"_et_pb_use_builder":"off","_et_pb_old_content":"<!-- wp:paragraph -->\n<p><\/p>\n<!-- \/wp:paragraph -->\n\n<!-- wp:paragraph -->\n<p>Ce nouveau quartier va accueillir pr\u00e8s de 320 logements et donc entre 800 et 1000 habitants, cela justifie de la construction d\u2019une salle de quartier qui fera office \u00e9galement de salle de m\u00e9moire de l\u2019activit\u00e9 de la Manu. Un premier projet, non retenu a \u00e9t\u00e9 r\u00e9alis\u00e9 par l\u2019agence Atome.<\/p>\n<!-- \/wp:paragraph -->\n\n<!-- wp:paragraph -->\n<p><strong>Projet Atome<\/strong><\/p>\n<!-- \/wp:paragraph -->\n\n<!-- wp:paragraph -->\n<p>La salle de m\u00e9moire mettra en valeur notamment l\u2019installation industrielle des aiguillages. Faisant office de salle de quartier elle pourra accueillir des panneaux d'information sur le lieu, que l'on retrouvera aussi sur l'ensemble du site.<\/p>\n<!-- \/wp:paragraph -->\n\n<!-- wp:file {\"id\":213326,\"href\":\"http:\/\/localhost:10069\/wp-content\/uploads\/2020\/08\/ATOME_salle-de-m\u00e9moire_projet-Pr\u00e9sentation-01.pdf\"} -->\n<div class=\"wp-block-file\"><a href=\"http:\/\/localhost:10069\/wp-content\/uploads\/2020\/08\/ATOME_salle-de-m\u00e9moire_projet-Pr\u00e9sentation-01.pdf\">ATOME_salle-de-m\u00e9moire_projet-Pr\u00e9sentation-01<\/a><a href=\"http:\/\/localhost:10069\/wp-content\/uploads\/2020\/08\/ATOME_salle-de-m\u00e9moire_projet-Pr\u00e9sentation-01.pdf\" class=\"wp-block-file__button\" download>T\u00e9l\u00e9charger<\/a><\/div>\n<!-- \/wp:file -->\n\n<!-- wp:paragraph -->\n<p><strong>Aiguillage<\/strong><\/p>\n<!-- \/wp:paragraph -->\n\n<!-- wp:paragraph -->\n<p>Un second projet \u00e9tudi\u00e9 par l\u2019architecte Thellier, sous maitrise d\u2019ouvrage de la commune est approuv\u00e9 par l\u2019association l\u2019\u00e9t\u00e9 2020. L\u2019objectif est que cette salle de 100 m2 soit construite en 2021 sur un emplacement r\u00e9serv\u00e9 dans la halle Ldl.<\/p>\n<!-- \/wp:paragraph -->\n\n<!-- wp:gallery {\"ids\":[213324,213330],\"columns\":1} -->\n<figure class=\"wp-block-gallery columns-1 is-cropped\"><ul class=\"blocks-gallery-grid\"><li class=\"blocks-gallery-item\"><figure><img src=\"http:\/\/localhost:10069\/wp-content\/uploads\/2020\/08\/esquisse-salle-2-1024x576.jpg\" alt=\"\" data-id=\"213324\" data-link=\"http:\/\/localhost:10069\/vie-de-quartier\/la-salle-de-memoire-et-de-quartier\/esquisse-salle-2\/\" class=\"wp-image-213324\"\/><\/figure><\/li><li class=\"blocks-gallery-item\"><figure><img src=\"http:\/\/localhost:10069\/wp-content\/uploads\/2020\/08\/esquisse-salle-1-1024x576.jpg\" alt=\"\" data-id=\"213330\" data-full-url=\"http:\/\/localhost:10069\/wp-content\/uploads\/2020\/08\/esquisse-salle-1-scaled.jpg\" data-link=\"http:\/\/localhost:10069\/vie-de-quartier\/la-salle-de-memoire-et-de-quartier\/esquisse-salle-1\/\" class=\"wp-image-213330\"\/><\/figure><\/li><\/ul><\/figure>\n<!-- \/wp:gallery -->","_et_gb_content_width":""},"yoast_head":"<!-- This site is optimized with the Yoast SEO plugin v19.13 - https:\/\/yoast.com\/wordpress\/plugins\/seo\/ -->\n<title>La salle de m\u00e9moire et de quartier - Les Amis du Patrimoine Tr\u00e9laz\u00e9en<\/title>\n<meta name=\"robots\" content=\"index, follow, max-snippet:-1, max-image-preview:large, max-video-preview:-1\" \/>\n<link rel=\"canonical\" href=\"https:\/\/manu-trelaze.com\/index.php\/vie-de-quartier\/la-salle-de-memoire-et-de-quartier\/\" \/>\n<meta property=\"og:locale\" content=\"fr_FR\" \/>\n<meta property=\"og:type\" content=\"article\" \/>\n<meta property=\"og:title\" content=\"La salle de m\u00e9moire et de quartier - Les Amis du Patrimoine Tr\u00e9laz\u00e9en\" \/>\n<meta property=\"og:description\" content=\"Ce nouveau quartier va accueillir pr\u00e8s de 320 logements et donc entre 800 et 1000 habitants, cela justifie la construction d\u2019une salle de quartier qui fera office \u00e9galement de salle de m\u00e9moire de l\u2019activit\u00e9 de la Manu. Un premier projet, non retenu a \u00e9t\u00e9 r\u00e9alis\u00e9 par l\u2019agence Atome. La salle de m\u00e9moire mettra en valeur [&hellip;]\" \/>\n<meta property=\"og:url\" content=\"https:\/\/manu-trelaze.com\/index.php\/vie-de-quartier\/la-salle-de-memoire-et-de-quartier\/\" \/>\n<meta property=\"og:site_name\" content=\"Les Amis du Patrimoine Tr\u00e9laz\u00e9en\" \/>\n<meta property=\"article:modified_time\" content=\"2020-09-29T13:05:16+00:00\" \/>\n<meta property=\"og:image\" content=\"https:\/\/manu-trelaze.com\/wp-content\/uploads\/2020\/09\/IMG_0319-1-1024x768.jpg\" \/>\n<meta name=\"twitter:card\" content=\"summary_large_image\" \/>\n<meta name=\"twitter:label1\" content=\"Dur\u00e9e de lecture estim\u00e9e\" \/>\n\t<meta name=\"twitter:data1\" content=\"1 minute\" \/>\n<script type=\"application\/ld+json\" class=\"yoast-schema-graph\">{\"@context\":\"https:\/\/schema.org\",\"@graph\":[{\"@type\":\"WebPage\",\"@id\":\"https:\/\/manu-trelaze.com\/index.php\/vie-de-quartier\/la-salle-de-memoire-et-de-quartier\/\",\"url\":\"https:\/\/manu-trelaze.com\/index.php\/vie-de-quartier\/la-salle-de-memoire-et-de-quartier\/\",\"name\":\"La salle de m\u00e9moire et de quartier - Les Amis du Patrimoine Tr\u00e9laz\u00e9en\",\"isPartOf\":{\"@id\":\"https:\/\/manu-trelaze.com\/#website\"},\"datePublished\":\"2020-08-28T13:14:03+00:00\",\"dateModified\":\"2020-09-29T13:05:16+00:00\",\"breadcrumb\":{\"@id\":\"https:\/\/manu-trelaze.com\/index.php\/vie-de-quartier\/la-salle-de-memoire-et-de-quartier\/#breadcrumb\"},\"inLanguage\":\"fr-FR\",\"potentialAction\":[{\"@type\":\"ReadAction\",\"target\":[\"https:\/\/manu-trelaze.com\/index.php\/vie-de-quartier\/la-salle-de-memoire-et-de-quartier\/\"]}]},{\"@type\":\"BreadcrumbList\",\"@id\":\"https:\/\/manu-trelaze.com\/index.php\/vie-de-quartier\/la-salle-de-memoire-et-de-quartier\/#breadcrumb\",\"itemListElement\":[{\"@type\":\"ListItem\",\"position\":1,\"name\":\"Accueil\",\"item\":\"https:\/\/manu-trelaze.com\/\"},{\"@type\":\"ListItem\",\"position\":2,\"name\":\"Vie de quartiers\",\"item\":\"https:\/\/manu-trelaze.com\/index.php\/vie-de-quartier\/\"},{\"@type\":\"ListItem\",\"position\":3,\"name\":\"La salle de m\u00e9moire et de quartier\"}]},{\"@type\":\"WebSite\",\"@id\":\"https:\/\/manu-trelaze.com\/#website\",\"url\":\"https:\/\/manu-trelaze.com\/\",\"name\":\"Les Amis du Patrimoine Tr\u00e9laz\u00e9en\",\"description\":\"Les Amis du Patrimoine Tr\u00e9laz\u00e9en\",\"potentialAction\":[{\"@type\":\"SearchAction\",\"target\":{\"@type\":\"EntryPoint\",\"urlTemplate\":\"https:\/\/manu-trelaze.com\/?s={search_term_string}\"},\"query-input\":\"required name=search_term_string\"}],\"inLanguage\":\"fr-FR\"}]}<\/script>\n<!-- \/ Yoast SEO plugin. -->","yoast_head_json":{"title":"La salle de m\u00e9moire et de quartier - Les Amis du Patrimoine Tr\u00e9laz\u00e9en","robots":{"index":"index","follow":"follow","max-snippet":"max-snippet:-1","max-image-preview":"max-image-preview:large","max-video-preview":"max-video-preview:-1"},"canonical":"https:\/\/manu-trelaze.com\/index.php\/vie-de-quartier\/la-salle-de-memoire-et-de-quartier\/","og_locale":"fr_FR","og_type":"article","og_title":"La salle de m\u00e9moire et de quartier - Les Amis du Patrimoine Tr\u00e9laz\u00e9en","og_description":"Ce nouveau quartier va accueillir pr\u00e8s de 320 logements et donc entre 800 et 1000 habitants, cela justifie la construction d\u2019une salle de quartier qui fera office \u00e9galement de salle de m\u00e9moire de l\u2019activit\u00e9 de la Manu. Un premier projet, non retenu a \u00e9t\u00e9 r\u00e9alis\u00e9 par l\u2019agence Atome. La salle de m\u00e9moire mettra en valeur [&hellip;]","og_url":"https:\/\/manu-trelaze.com\/index.php\/vie-de-quartier\/la-salle-de-memoire-et-de-quartier\/","og_site_name":"Les Amis du Patrimoine Tr\u00e9laz\u00e9en","article_modified_time":"2020-09-29T13:05:16+00:00","og_image":[{"url":"https:\/\/manu-trelaze.com\/wp-content\/uploads\/2020\/09\/IMG_0319-1-1024x768.jpg"}],"twitter_card":"summary_large_image","twitter_misc":{"Dur\u00e9e de lecture estim\u00e9e":"1 minute"},"schema":{"@context":"https:\/\/schema.org","@graph":[{"@type":"WebPage","@id":"https:\/\/manu-trelaze.com\/index.php\/vie-de-quartier\/la-salle-de-memoire-et-de-quartier\/","url":"https:\/\/manu-trelaze.com\/index.php\/vie-de-quartier\/la-salle-de-memoire-et-de-quartier\/","name":"La salle de m\u00e9moire et de quartier - Les Amis du Patrimoine Tr\u00e9laz\u00e9en","isPartOf":{"@id":"https:\/\/manu-trelaze.com\/#website"},"datePublished":"2020-08-28T13:14:03+00:00","dateModified":"2020-09-29T13:05:16+00:00","breadcrumb":{"@id":"https:\/\/manu-trelaze.com\/index.php\/vie-de-quartier\/la-salle-de-memoire-et-de-quartier\/#breadcrumb"},"inLanguage":"fr-FR","potentialAction":[{"@type":"ReadAction","target":["https:\/\/manu-trelaze.com\/index.php\/vie-de-quartier\/la-salle-de-memoire-et-de-quartier\/"]}]},{"@type":"BreadcrumbList","@id":"https:\/\/manu-trelaze.com\/index.php\/vie-de-quartier\/la-salle-de-memoire-et-de-quartier\/#breadcrumb","itemListElement":[{"@type":"ListItem","position":1,"name":"Accueil","item":"https:\/\/manu-trelaze.com\/"},{"@type":"ListItem","position":2,"name":"Vie de quartiers","item":"https:\/\/manu-trelaze.com\/index.php\/vie-de-quartier\/"},{"@type":"ListItem","position":3,"name":"La salle de m\u00e9moire et de quartier"}]},{"@type":"WebSite","@id":"https:\/\/manu-trelaze.com\/#website","url":"https:\/\/manu-trelaze.com\/","name":"Les Amis du Patrimoine Tr\u00e9laz\u00e9en","description":"Les Amis du Patrimoine Tr\u00e9laz\u00e9en","potentialAction":[{"@type":"SearchAction","target":{"@type":"EntryPoint","urlTemplate":"https:\/\/manu-trelaze.com\/?s={search_term_string}"},"query-input":"required name=search_term_string"}],"inLanguage":"fr-FR"}]}},"_links":{"self":[{"href":"https:\/\/manu-trelaze.com\/index.php\/wp-json\/wp\/v2\/pages\/213159"}],"collection":[{"href":"https:\/\/manu-trelaze.com\/index.php\/wp-json\/wp\/v2\/pages"}],"about":[{"href":"https:\/\/manu-trelaze.com\/index.php\/wp-json\/wp\/v2\/types\/page"}],"author":[{"embeddable":true,"href":"https:\/\/manu-trelaze.com\/index.php\/wp-json\/wp\/v2\/users\/1"}],"replies":[{"embeddable":true,"href":"https:\/\/manu-trelaze.com\/index.php\/wp-json\/wp\/v2\/comments?post=213159"}],"version-history":[{"count":3,"href":"https:\/\/manu-trelaze.com\/index.php\/wp-json\/wp\/v2\/pages\/213159\/revisions"}],"predecessor-version":[{"id":213569,"href":"https:\/\/manu-trelaze.com\/index.php\/wp-json\/wp\/v2\/pages\/213159\/revisions\/213569"}],"up":[{"embeddable":true,"href":"https:\/\/manu-trelaze.com\/index.php\/wp-json\/wp\/v2\/pages\/213157"}],"wp:attachment":[{"href":"https:\/\/manu-trelaze.com\/index.php\/wp-json\/wp\/v2\/media?parent=213159"}],"curies":[{"name":"wp","href":"https:\/\/api.w.org\/{rel}","templated":true}]}}