{"id":213161,"date":"2020-08-28T13:14:37","date_gmt":"2020-08-28T13:14:37","guid":{"rendered":"http:\/\/localhost:10069\/?page_id=213161"},"modified":"2024-03-28T14:11:26","modified_gmt":"2024-03-28T13:11:26","slug":"nos-autres-activites-et-projets","status":"publish","type":"page","link":"https:\/\/manu-trelaze.com\/index.php\/vie-de-quartier\/nos-autres-activites-et-projets\/","title":{"rendered":"Nos autres activit\u00e9s et projets"},"content":{"rendered":"\n<p><strong>Journ\u00e9es du patrimoine<\/strong><br>Les Amis du Patrimoine sont pr\u00e9sents chaque ann\u00e9e aux journ\u00e9es du patrimoine. Conf\u00e9rences, visites de sites (Manufacture,  la \u00ab\u00a0Doublure\u00a0\u00bb de Rapha\u00ebl Zarka, parc ardoisier, chevalements..), visites th\u00e9\u00e2tralis\u00e9es de la Manufacture en 2023. <\/p>\n\n\n\n<p>Mais ces visites et manifestation sont aussi organis\u00e9es pendant toute l&rsquo;ann\u00e9e.<\/p>\n\n\n\n<p><br><\/p>\n\n\n\n<figure class=\"wp-block-image size-large\"><img loading=\"lazy\" width=\"1024\" height=\"768\" src=\"https:\/\/manu-trelaze.com\/wp-content\/uploads\/2024\/03\/20231005_104146-1024x768.jpg\" alt=\"\" class=\"wp-image-213756\" srcset=\"https:\/\/manu-trelaze.com\/wp-content\/uploads\/2024\/03\/20231005_104146-980x735.jpg 980w, https:\/\/manu-trelaze.com\/wp-content\/uploads\/2024\/03\/20231005_104146-480x360.jpg 480w\" sizes=\"(min-width: 0px) and (max-width: 480px) 480px, (min-width: 481px) and (max-width: 980px) 980px, (min-width: 981px) 1024px, 100vw\" \/><\/figure>\n\n\n\n<p>C<strong>olloque l&rsquo;Ardoise et l&rsquo;allumette en 2023<\/strong><\/p>\n\n\n\n<p>Ce colloque a \u00e9t\u00e9 un evenement important dans la vie de l&rsquo;association. Il a r\u00e9uni douze intervenants, 110 personnes, et de nombreuses personnalit\u00e9s politiques. A l&rsquo;issue de ce colloque a \u00e9t\u00e9 vot\u00e9 une motion en faveur de la protection et de la mise en valeur du patrimoine ardoisier menac\u00e9 par l&rsquo;urbanisation et le vandalisme.<\/p>\n\n\n\n<p>On retrouvera les actes du colloque ci dessous<\/p>\n\n\n\n<p><\/p>\n\n\n\n<p><strong>Journ\u00e9es nationales de l\u2019architecture 2018<\/strong><br>Depuis 2015, A3A est la structure charg\u00e9e de l\u2019organisation et de l\u2019animation des Journ\u00e9es nationales de l\u2019Architecture.&nbsp;Il se d\u00e9gage une grande satisfaction apr\u00e8s l\u2019organisation de la principale manifestation des Journ\u00e9es nationales de l\u2019architecture en Maine-et-Loire en 2018. Environ 180 personnes ont particip\u00e9 aux visites du chantier de r\u00e9novation du site de la Manufacture d\u2019allumettes de Tr\u00e9laz\u00e9. La participation du ma\u00eetre d\u2019ouvrage (PODELIHA), de la ma\u00eetrise d\u2019\u0153uvre (LATITUDE), de l\u2019entreprise g\u00e9n\u00e9rale (BOUYGUES Construction) et des associations partenaires des Amis des Allumettes, tout au long de ces deux journ\u00e9es, ont constitu\u00e9 un contexte particuli\u00e8rement positif et motivant.<a href=\"https:\/\/a3aangers.wordpress.com\/2018\/09\/14\/visite-chantier-des-allumettes-trelaze-jna-19-20- oct-2018\/\" target=\"_blank\" rel=\"noreferrer noopener\"> Un carnet de croquis a \u00e9t\u00e9 \u00e9tabli pour cette occasion.<\/a><br><\/p>\n\n\n\n<p><br><\/p>\n\n\n\n<figure class=\"wp-block-gallery has-nested-images columns-default is-cropped\">\n<figure class=\"wp-block-image size-large\"><img data-id=\"213317\"  src=\"https:\/\/manu-trelaze.com\/wp-content\/uploads\/2020\/09\/JNA-2-1024x768.jpg\" alt=\"\" class=\"wp-image-213317\"\/><\/figure>\n\n\n\n<figure class=\"wp-block-image size-large\"><img data-id=\"213319\"  src=\"https:\/\/manu-trelaze.com\/wp-content\/uploads\/2020\/09\/JNA-1-1024x768.jpg\" alt=\"\" class=\"wp-image-213319\"\/><\/figure>\n\n\n\n<figure class=\"wp-block-image size-large\"><img data-id=\"213321\"  src=\"https:\/\/manu-trelaze.com\/wp-content\/uploads\/2020\/09\/journ\u00e9e-architecture-1-1024x768.jpg\" alt=\"\" class=\"wp-image-213321\"\/><\/figure>\n<\/figure>\n\n\n\n<p><strong>F\u00eates de quartier\/animations culturelles<\/strong><br>Les Amis des Allumettes souhaitent, d\u00e8s que la sculpture de Rapha\u00ebl Zarka et la salle de r\u00e9union seront r\u00e9alis\u00e9es, multiplier les manifestations festives et culturelles dans l\u2019esprit des cit\u00e9s jardins. La pr\u00e9sence des artistes en r\u00e9sidence sur le site est un atout fort pour promouvoir l\u2019art sur le site de la Manu.<\/p>\n\n\n\n<div class=\"wp-block-file\"><object class=\"wp-block-file__embed\" data=\"https:\/\/manu-trelaze.com\/wp-content\/uploads\/2024\/03\/Actes-colloque-ardoise-allumette-V8.pdf\" type=\"application\/pdf\" style=\"width:100%;height:600px\" aria-label=\"Contenu embarqu\u00e9 coloque-ardoise-allumette-V8.\"><\/object><a id=\"wp-block-file--media-c681baa1-22cd-4d44-b336-f5d6f662efe1\" href=\"https:\/\/manu-trelaze.com\/wp-content\/uploads\/2024\/03\/Actes-colloque-ardoise-allumette-V8.pdf\">coloque-ardoise-allumette-V8<\/a><a href=\"https:\/\/manu-trelaze.com\/wp-content\/uploads\/2024\/03\/Actes-colloque-ardoise-allumette-V8.pdf\" class=\"wp-block-file__button\" download aria-describedby=\"wp-block-file--media-c681baa1-22cd-4d44-b336-f5d6f662efe1\">T\u00e9l\u00e9charger<\/a><\/div>\n","protected":false},"excerpt":{"rendered":"<p>Journ\u00e9es du patrimoineLes Amis du Patrimoine sont pr\u00e9sents chaque ann\u00e9e aux journ\u00e9es du patrimoine. Conf\u00e9rences, visites de sites (Manufacture, la \u00ab\u00a0Doublure\u00a0\u00bb de Rapha\u00ebl Zarka, parc ardoisier, chevalements..), visites th\u00e9\u00e2tralis\u00e9es de la Manufacture en 2023. Mais ces visites et manifestation sont aussi organis\u00e9es pendant toute l&rsquo;ann\u00e9e. Colloque l&rsquo;Ardoise et l&rsquo;allumette en 2023 Ce colloque a \u00e9t\u00e9 [&hellip;]<\/p>\n","protected":false},"author":1,"featured_media":0,"parent":213157,"menu_order":0,"comment_status":"closed","ping_status":"closed","template":"","meta":{"_et_pb_use_builder":"off","_et_pb_old_content":"","_et_gb_content_width":""},"yoast_head":"<!-- This site is optimized with the Yoast SEO plugin v19.13 - https:\/\/yoast.com\/wordpress\/plugins\/seo\/ -->\n<title>Nos autres activit\u00e9s et projets - Les Amis du Patrimoine Tr\u00e9laz\u00e9en<\/title>\n<meta name=\"robots\" content=\"index, follow, max-snippet:-1, max-image-preview:large, max-video-preview:-1\" \/>\n<link rel=\"canonical\" href=\"https:\/\/manu-trelaze.com\/index.php\/vie-de-quartier\/nos-autres-activites-et-projets\/\" \/>\n<meta property=\"og:locale\" content=\"fr_FR\" \/>\n<meta property=\"og:type\" content=\"article\" \/>\n<meta property=\"og:title\" content=\"Nos autres activit\u00e9s et projets - Les Amis du Patrimoine Tr\u00e9laz\u00e9en\" \/>\n<meta property=\"og:description\" content=\"Journ\u00e9es du patrimoineLes Amis du Patrimoine sont pr\u00e9sents chaque ann\u00e9e aux journ\u00e9es du patrimoine. Conf\u00e9rences, visites de sites (Manufacture, la \u00ab\u00a0Doublure\u00a0\u00bb de Rapha\u00ebl Zarka, parc ardoisier, chevalements..), visites th\u00e9\u00e2tralis\u00e9es de la Manufacture en 2023. Mais ces visites et manifestation sont aussi organis\u00e9es pendant toute l&rsquo;ann\u00e9e. Colloque l&rsquo;Ardoise et l&rsquo;allumette en 2023 Ce colloque a \u00e9t\u00e9 [&hellip;]\" \/>\n<meta property=\"og:url\" content=\"https:\/\/manu-trelaze.com\/index.php\/vie-de-quartier\/nos-autres-activites-et-projets\/\" \/>\n<meta property=\"og:site_name\" content=\"Les Amis du Patrimoine Tr\u00e9laz\u00e9en\" \/>\n<meta property=\"article:modified_time\" content=\"2024-03-28T13:11:26+00:00\" \/>\n<meta property=\"og:image\" content=\"https:\/\/manu-trelaze.com\/wp-content\/uploads\/2024\/03\/20231005_104146-1024x768.jpg\" \/>\n<meta name=\"twitter:card\" content=\"summary_large_image\" \/>\n<meta name=\"twitter:label1\" content=\"Dur\u00e9e de lecture estim\u00e9e\" \/>\n\t<meta name=\"twitter:data1\" content=\"3 minutes\" \/>\n<script type=\"application\/ld+json\" class=\"yoast-schema-graph\">{\"@context\":\"https:\/\/schema.org\",\"@graph\":[{\"@type\":\"WebPage\",\"@id\":\"https:\/\/manu-trelaze.com\/index.php\/vie-de-quartier\/nos-autres-activites-et-projets\/\",\"url\":\"https:\/\/manu-trelaze.com\/index.php\/vie-de-quartier\/nos-autres-activites-et-projets\/\",\"name\":\"Nos autres activit\u00e9s et projets - Les Amis du Patrimoine Tr\u00e9laz\u00e9en\",\"isPartOf\":{\"@id\":\"https:\/\/manu-trelaze.com\/#website\"},\"datePublished\":\"2020-08-28T13:14:37+00:00\",\"dateModified\":\"2024-03-28T13:11:26+00:00\",\"breadcrumb\":{\"@id\":\"https:\/\/manu-trelaze.com\/index.php\/vie-de-quartier\/nos-autres-activites-et-projets\/#breadcrumb\"},\"inLanguage\":\"fr-FR\",\"potentialAction\":[{\"@type\":\"ReadAction\",\"target\":[\"https:\/\/manu-trelaze.com\/index.php\/vie-de-quartier\/nos-autres-activites-et-projets\/\"]}]},{\"@type\":\"BreadcrumbList\",\"@id\":\"https:\/\/manu-trelaze.com\/index.php\/vie-de-quartier\/nos-autres-activites-et-projets\/#breadcrumb\",\"itemListElement\":[{\"@type\":\"ListItem\",\"position\":1,\"name\":\"Accueil\",\"item\":\"https:\/\/manu-trelaze.com\/\"},{\"@type\":\"ListItem\",\"position\":2,\"name\":\"Vie de quartiers\",\"item\":\"https:\/\/manu-trelaze.com\/index.php\/vie-de-quartier\/\"},{\"@type\":\"ListItem\",\"position\":3,\"name\":\"Nos autres activit\u00e9s et projets\"}]},{\"@type\":\"WebSite\",\"@id\":\"https:\/\/manu-trelaze.com\/#website\",\"url\":\"https:\/\/manu-trelaze.com\/\",\"name\":\"Les Amis du Patrimoine Tr\u00e9laz\u00e9en\",\"description\":\"Les Amis du Patrimoine Tr\u00e9laz\u00e9en\",\"potentialAction\":[{\"@type\":\"SearchAction\",\"target\":{\"@type\":\"EntryPoint\",\"urlTemplate\":\"https:\/\/manu-trelaze.com\/?s={search_term_string}\"},\"query-input\":\"required name=search_term_string\"}],\"inLanguage\":\"fr-FR\"}]}<\/script>\n<!-- \/ Yoast SEO plugin. -->","yoast_head_json":{"title":"Nos autres activit\u00e9s et projets - Les Amis du Patrimoine Tr\u00e9laz\u00e9en","robots":{"index":"index","follow":"follow","max-snippet":"max-snippet:-1","max-image-preview":"max-image-preview:large","max-video-preview":"max-video-preview:-1"},"canonical":"https:\/\/manu-trelaze.com\/index.php\/vie-de-quartier\/nos-autres-activites-et-projets\/","og_locale":"fr_FR","og_type":"article","og_title":"Nos autres activit\u00e9s et projets - Les Amis du Patrimoine Tr\u00e9laz\u00e9en","og_description":"Journ\u00e9es du patrimoineLes Amis du Patrimoine sont pr\u00e9sents chaque ann\u00e9e aux journ\u00e9es du patrimoine. Conf\u00e9rences, visites de sites (Manufacture, la \u00ab\u00a0Doublure\u00a0\u00bb de Rapha\u00ebl Zarka, parc ardoisier, chevalements..), visites th\u00e9\u00e2tralis\u00e9es de la Manufacture en 2023. Mais ces visites et manifestation sont aussi organis\u00e9es pendant toute l&rsquo;ann\u00e9e. Colloque l&rsquo;Ardoise et l&rsquo;allumette en 2023 Ce colloque a \u00e9t\u00e9 [&hellip;]","og_url":"https:\/\/manu-trelaze.com\/index.php\/vie-de-quartier\/nos-autres-activites-et-projets\/","og_site_name":"Les Amis du Patrimoine Tr\u00e9laz\u00e9en","article_modified_time":"2024-03-28T13:11:26+00:00","og_image":[{"url":"https:\/\/manu-trelaze.com\/wp-content\/uploads\/2024\/03\/20231005_104146-1024x768.jpg"}],"twitter_card":"summary_large_image","twitter_misc":{"Dur\u00e9e de lecture estim\u00e9e":"3 minutes"},"schema":{"@context":"https:\/\/schema.org","@graph":[{"@type":"WebPage","@id":"https:\/\/manu-trelaze.com\/index.php\/vie-de-quartier\/nos-autres-activites-et-projets\/","url":"https:\/\/manu-trelaze.com\/index.php\/vie-de-quartier\/nos-autres-activites-et-projets\/","name":"Nos autres activit\u00e9s et projets - Les Amis du Patrimoine Tr\u00e9laz\u00e9en","isPartOf":{"@id":"https:\/\/manu-trelaze.com\/#website"},"datePublished":"2020-08-28T13:14:37+00:00","dateModified":"2024-03-28T13:11:26+00:00","breadcrumb":{"@id":"https:\/\/manu-trelaze.com\/index.php\/vie-de-quartier\/nos-autres-activites-et-projets\/#breadcrumb"},"inLanguage":"fr-FR","potentialAction":[{"@type":"ReadAction","target":["https:\/\/manu-trelaze.com\/index.php\/vie-de-quartier\/nos-autres-activites-et-projets\/"]}]},{"@type":"BreadcrumbList","@id":"https:\/\/manu-trelaze.com\/index.php\/vie-de-quartier\/nos-autres-activites-et-projets\/#breadcrumb","itemListElement":[{"@type":"ListItem","position":1,"name":"Accueil","item":"https:\/\/manu-trelaze.com\/"},{"@type":"ListItem","position":2,"name":"Vie de quartiers","item":"https:\/\/manu-trelaze.com\/index.php\/vie-de-quartier\/"},{"@type":"ListItem","position":3,"name":"Nos autres activit\u00e9s et projets"}]},{"@type":"WebSite","@id":"https:\/\/manu-trelaze.com\/#website","url":"https:\/\/manu-trelaze.com\/","name":"Les Amis du Patrimoine Tr\u00e9laz\u00e9en","description":"Les Amis du Patrimoine Tr\u00e9laz\u00e9en","potentialAction":[{"@type":"SearchAction","target":{"@type":"EntryPoint","urlTemplate":"https:\/\/manu-trelaze.com\/?s={search_term_string}"},"query-input":"required name=search_term_string"}],"inLanguage":"fr-FR"}]}},"_links":{"self":[{"href":"https:\/\/manu-trelaze.com\/index.php\/wp-json\/wp\/v2\/pages\/213161"}],"collection":[{"href":"https:\/\/manu-trelaze.com\/index.php\/wp-json\/wp\/v2\/pages"}],"about":[{"href":"https:\/\/manu-trelaze.com\/index.php\/wp-json\/wp\/v2\/types\/page"}],"author":[{"embeddable":true,"href":"https:\/\/manu-trelaze.com\/index.php\/wp-json\/wp\/v2\/users\/1"}],"replies":[{"embeddable":true,"href":"https:\/\/manu-trelaze.com\/index.php\/wp-json\/wp\/v2\/comments?post=213161"}],"version-history":[{"count":6,"href":"https:\/\/manu-trelaze.com\/index.php\/wp-json\/wp\/v2\/pages\/213161\/revisions"}],"predecessor-version":[{"id":213760,"href":"https:\/\/manu-trelaze.com\/index.php\/wp-json\/wp\/v2\/pages\/213161\/revisions\/213760"}],"up":[{"embeddable":true,"href":"https:\/\/manu-trelaze.com\/index.php\/wp-json\/wp\/v2\/pages\/213157"}],"wp:attachment":[{"href":"https:\/\/manu-trelaze.com\/index.php\/wp-json\/wp\/v2\/media?parent=213161"}],"curies":[{"name":"wp","href":"https:\/\/api.w.org\/{rel}","templated":true}]}}