{"id":213163,"date":"2020-08-28T13:15:14","date_gmt":"2020-08-28T13:15:14","guid":{"rendered":"http:\/\/localhost:10069\/?page_id=213163"},"modified":"2020-09-08T01:38:38","modified_gmt":"2020-09-07T23:38:38","slug":"nos-projets-artistique","status":"publish","type":"page","link":"https:\/\/manu-trelaze.com\/index.php\/nos-projets-artistique\/","title":{"rendered":"Nos projets artistique"},"content":{"rendered":"\n<p>De la volont\u00e9 de conserver la m\u00e9moire des lieux est n\u00e9e la volont\u00e9 d\u2019accueillir sur la Manu des projets artistiques autour de la chemin\u00e9e et de la structure du ch\u00e2teau d\u2019eau.<\/p>\n\n\n\n<p><br><\/p>\n\n\n\n<figure class=\"wp-block-gallery columns-2 is-cropped\"><ul class=\"blocks-gallery-grid\"><li class=\"blocks-gallery-item\"><figure><img src=\"https:\/\/manu-trelaze.com\/wp-content\/uploads\/2020\/09\/montage-photo-1-2-1009x1024.jpg\" alt=\"\" data-id=\"213384\" data-link=\"http:\/\/localhost:10069\/nos-projets-artistique\/montage-photo-1-2\/\" class=\"wp-image-213384\"\/><\/figure><\/li><li class=\"blocks-gallery-item\"><figure><img src=\"https:\/\/manu-trelaze.com\/wp-content\/uploads\/2020\/09\/montage-photo-2-2-1009x1024.jpg\" alt=\"\" data-id=\"213385\" data-full-url=\"https:\/\/manu-trelaze.com\/wp-content\/uploads\/2020\/09\/montage-photo-2-2.jpg\" data-link=\"http:\/\/localhost:10069\/nos-projets-artistique\/montage-photo-2-2\/\" class=\"wp-image-213385\"\/><\/figure><\/li><\/ul><\/figure>\n","protected":false},"excerpt":{"rendered":"<p>De la volont\u00e9 de conserver la m\u00e9moire des lieux est n\u00e9e la volont\u00e9 d\u2019accueillir sur la Manu des projets artistiques autour de la chemin\u00e9e et de la structure du ch\u00e2teau d\u2019eau.<\/p>\n","protected":false},"author":1,"featured_media":0,"parent":0,"menu_order":0,"comment_status":"closed","ping_status":"closed","template":"","meta":{"_et_pb_use_builder":"off","_et_pb_old_content":"<!-- wp:paragraph -->\n<p>De la volont\u00e9 de conserver la m\u00e9moire des lieux est n\u00e9e la volont\u00e9 d\u2019accueillir<br>sur la Manu des projets artistiques autour de la chemin\u00e9e et de la structure du<br>ch\u00e2teau d\u2019eau.<br>(PHOMONTAGE PROJET ZARKA)<\/p>\n<!-- \/wp:paragraph -->","_et_gb_content_width":""},"yoast_head":"<!-- This site is optimized with the Yoast SEO plugin v19.13 - https:\/\/yoast.com\/wordpress\/plugins\/seo\/ -->\n<title>Nos projets artistique - Les Amis du Patrimoine Tr\u00e9laz\u00e9en<\/title>\n<meta name=\"robots\" content=\"index, follow, max-snippet:-1, max-image-preview:large, max-video-preview:-1\" \/>\n<link rel=\"canonical\" href=\"https:\/\/manu-trelaze.com\/index.php\/nos-projets-artistique\/\" \/>\n<meta property=\"og:locale\" content=\"fr_FR\" \/>\n<meta property=\"og:type\" content=\"article\" \/>\n<meta property=\"og:title\" content=\"Nos projets artistique - Les Amis du Patrimoine Tr\u00e9laz\u00e9en\" \/>\n<meta property=\"og:description\" content=\"De la volont\u00e9 de conserver la m\u00e9moire des lieux est n\u00e9e la volont\u00e9 d\u2019accueillir sur la Manu des projets artistiques autour de la chemin\u00e9e et de la structure du ch\u00e2teau d\u2019eau.\" \/>\n<meta property=\"og:url\" content=\"https:\/\/manu-trelaze.com\/index.php\/nos-projets-artistique\/\" \/>\n<meta property=\"og:site_name\" content=\"Les Amis du Patrimoine Tr\u00e9laz\u00e9en\" \/>\n<meta property=\"article:modified_time\" content=\"2020-09-07T23:38:38+00:00\" \/>\n<meta property=\"og:image\" content=\"https:\/\/manu-trelaze.com\/wp-content\/uploads\/2020\/09\/montage-photo-1-2-1009x1024.jpg\" \/>\n<meta name=\"twitter:card\" content=\"summary_large_image\" \/>\n<script type=\"application\/ld+json\" class=\"yoast-schema-graph\">{\"@context\":\"https:\/\/schema.org\",\"@graph\":[{\"@type\":\"WebPage\",\"@id\":\"https:\/\/manu-trelaze.com\/index.php\/nos-projets-artistique\/\",\"url\":\"https:\/\/manu-trelaze.com\/index.php\/nos-projets-artistique\/\",\"name\":\"Nos projets artistique - Les Amis du Patrimoine Tr\u00e9laz\u00e9en\",\"isPartOf\":{\"@id\":\"https:\/\/manu-trelaze.com\/#website\"},\"datePublished\":\"2020-08-28T13:15:14+00:00\",\"dateModified\":\"2020-09-07T23:38:38+00:00\",\"breadcrumb\":{\"@id\":\"https:\/\/manu-trelaze.com\/index.php\/nos-projets-artistique\/#breadcrumb\"},\"inLanguage\":\"fr-FR\",\"potentialAction\":[{\"@type\":\"ReadAction\",\"target\":[\"https:\/\/manu-trelaze.com\/index.php\/nos-projets-artistique\/\"]}]},{\"@type\":\"BreadcrumbList\",\"@id\":\"https:\/\/manu-trelaze.com\/index.php\/nos-projets-artistique\/#breadcrumb\",\"itemListElement\":[{\"@type\":\"ListItem\",\"position\":1,\"name\":\"Accueil\",\"item\":\"https:\/\/manu-trelaze.com\/\"},{\"@type\":\"ListItem\",\"position\":2,\"name\":\"Nos projets artistique\"}]},{\"@type\":\"WebSite\",\"@id\":\"https:\/\/manu-trelaze.com\/#website\",\"url\":\"https:\/\/manu-trelaze.com\/\",\"name\":\"Les Amis du Patrimoine Tr\u00e9laz\u00e9en\",\"description\":\"Les Amis du Patrimoine Tr\u00e9laz\u00e9en\",\"potentialAction\":[{\"@type\":\"SearchAction\",\"target\":{\"@type\":\"EntryPoint\",\"urlTemplate\":\"https:\/\/manu-trelaze.com\/?s={search_term_string}\"},\"query-input\":\"required name=search_term_string\"}],\"inLanguage\":\"fr-FR\"}]}<\/script>\n<!-- \/ Yoast SEO plugin. -->","yoast_head_json":{"title":"Nos projets artistique - Les Amis du Patrimoine Tr\u00e9laz\u00e9en","robots":{"index":"index","follow":"follow","max-snippet":"max-snippet:-1","max-image-preview":"max-image-preview:large","max-video-preview":"max-video-preview:-1"},"canonical":"https:\/\/manu-trelaze.com\/index.php\/nos-projets-artistique\/","og_locale":"fr_FR","og_type":"article","og_title":"Nos projets artistique - Les Amis du Patrimoine Tr\u00e9laz\u00e9en","og_description":"De la volont\u00e9 de conserver la m\u00e9moire des lieux est n\u00e9e la volont\u00e9 d\u2019accueillir sur la Manu des projets artistiques autour de la chemin\u00e9e et de la structure du ch\u00e2teau d\u2019eau.","og_url":"https:\/\/manu-trelaze.com\/index.php\/nos-projets-artistique\/","og_site_name":"Les Amis du Patrimoine Tr\u00e9laz\u00e9en","article_modified_time":"2020-09-07T23:38:38+00:00","og_image":[{"url":"https:\/\/manu-trelaze.com\/wp-content\/uploads\/2020\/09\/montage-photo-1-2-1009x1024.jpg"}],"twitter_card":"summary_large_image","schema":{"@context":"https:\/\/schema.org","@graph":[{"@type":"WebPage","@id":"https:\/\/manu-trelaze.com\/index.php\/nos-projets-artistique\/","url":"https:\/\/manu-trelaze.com\/index.php\/nos-projets-artistique\/","name":"Nos projets artistique - Les Amis du Patrimoine Tr\u00e9laz\u00e9en","isPartOf":{"@id":"https:\/\/manu-trelaze.com\/#website"},"datePublished":"2020-08-28T13:15:14+00:00","dateModified":"2020-09-07T23:38:38+00:00","breadcrumb":{"@id":"https:\/\/manu-trelaze.com\/index.php\/nos-projets-artistique\/#breadcrumb"},"inLanguage":"fr-FR","potentialAction":[{"@type":"ReadAction","target":["https:\/\/manu-trelaze.com\/index.php\/nos-projets-artistique\/"]}]},{"@type":"BreadcrumbList","@id":"https:\/\/manu-trelaze.com\/index.php\/nos-projets-artistique\/#breadcrumb","itemListElement":[{"@type":"ListItem","position":1,"name":"Accueil","item":"https:\/\/manu-trelaze.com\/"},{"@type":"ListItem","position":2,"name":"Nos projets artistique"}]},{"@type":"WebSite","@id":"https:\/\/manu-trelaze.com\/#website","url":"https:\/\/manu-trelaze.com\/","name":"Les Amis du Patrimoine Tr\u00e9laz\u00e9en","description":"Les Amis du Patrimoine Tr\u00e9laz\u00e9en","potentialAction":[{"@type":"SearchAction","target":{"@type":"EntryPoint","urlTemplate":"https:\/\/manu-trelaze.com\/?s={search_term_string}"},"query-input":"required name=search_term_string"}],"inLanguage":"fr-FR"}]}},"_links":{"self":[{"href":"https:\/\/manu-trelaze.com\/index.php\/wp-json\/wp\/v2\/pages\/213163"}],"collection":[{"href":"https:\/\/manu-trelaze.com\/index.php\/wp-json\/wp\/v2\/pages"}],"about":[{"href":"https:\/\/manu-trelaze.com\/index.php\/wp-json\/wp\/v2\/types\/page"}],"author":[{"embeddable":true,"href":"https:\/\/manu-trelaze.com\/index.php\/wp-json\/wp\/v2\/users\/1"}],"replies":[{"embeddable":true,"href":"https:\/\/manu-trelaze.com\/index.php\/wp-json\/wp\/v2\/comments?post=213163"}],"version-history":[{"count":1,"href":"https:\/\/manu-trelaze.com\/index.php\/wp-json\/wp\/v2\/pages\/213163\/revisions"}],"predecessor-version":[{"id":213483,"href":"https:\/\/manu-trelaze.com\/index.php\/wp-json\/wp\/v2\/pages\/213163\/revisions\/213483"}],"wp:attachment":[{"href":"https:\/\/manu-trelaze.com\/index.php\/wp-json\/wp\/v2\/media?parent=213163"}],"curies":[{"name":"wp","href":"https:\/\/api.w.org\/{rel}","templated":true}]}}