{"id":213167,"date":"2020-08-28T13:16:32","date_gmt":"2020-08-28T13:16:32","guid":{"rendered":"http:\/\/localhost:10069\/?page_id=213167"},"modified":"2020-09-08T01:40:10","modified_gmt":"2020-09-07T23:40:10","slug":"la-doublure-de-raphael-zarka","status":"publish","type":"page","link":"https:\/\/manu-trelaze.com\/index.php\/nos-projets-artistique\/la-doublure-de-raphael-zarka\/","title":{"rendered":"La \u00ab doublure \u00bb de Raphael Zarka"},"content":{"rendered":"\n<p>L\u2019artiste choisit de privil\u00e9gier une reconqu\u00eate de la chemin\u00e9e en briques, signal historique du site. Son projet pr\u00e9voit de cr\u00e9er deux dalles en b\u00e9ton qui cadrent un espace \u00e0 investir par les habitants et les visiteurs. La base de l\u2019ancienne chemin\u00e9e est conserv\u00e9e, t\u00e9moignage du pass\u00e9 industriel du site. \u00c0 c\u00f4t\u00e9, une nouvelle chemin\u00e9e de 24 m\u00e8tres de haut est \u00e9rig\u00e9e, symbole de la m\u00e9moire industrielle et du nouveau d\u00e9veloppement de la \u00ab&nbsp;Manu&nbsp;\u00bb.<\/p>\n\n\n\n<figure class=\"wp-block-gallery columns-2 is-cropped\"><ul class=\"blocks-gallery-grid\"><li class=\"blocks-gallery-item\"><figure><img src=\"https:\/\/manu-trelaze.com\/wp-content\/uploads\/2020\/09\/montage-photo-1-1-1009x1024.jpg\" alt=\"\" data-id=\"213291\" data-link=\"http:\/\/localhost:10069\/nos-projets-artistique\/la-doublure-de-raphael-zarka\/montage-photo-1-1\/\" class=\"wp-image-213291\"\/><\/figure><\/li><li class=\"blocks-gallery-item\"><figure><img src=\"https:\/\/manu-trelaze.com\/wp-content\/uploads\/2020\/09\/montage-photo-2-1-1009x1024.jpg\" alt=\"\" data-id=\"213293\" data-full-url=\"https:\/\/manu-trelaze.com\/wp-content\/uploads\/2020\/09\/montage-photo-2-1.jpg\" data-link=\"http:\/\/localhost:10069\/nos-projets-artistique\/la-doublure-de-raphael-zarka\/montage-photo-2-1\/\" class=\"wp-image-213293\"\/><\/figure><\/li><\/ul><\/figure>\n\n\n\n<p>L\u2019int\u00e9rieur de la nouvelle chemin\u00e9e fait l\u2019objet d\u2019une pose de briques sur mesure offrant une perspective sculpt\u00e9e unique et h\u00e9lioco\u00efdale sur le ciel.<br><\/p>\n\n\n\n<div class=\"wp-block-file\"><a href=\"https:\/\/manu-trelaze.com\/wp-content\/uploads\/2020\/09\/dossier-presentation-doublure-trelaze-VD.pdf\">dossier-presentation-doublure-trelaze-VD<\/a><a href=\"https:\/\/manu-trelaze.com\/wp-content\/uploads\/2020\/09\/dossier-presentation-doublure-trelaze-VD.pdf\" class=\"wp-block-file__button\" download>T\u00e9l\u00e9charger<\/a><\/div>\n","protected":false},"excerpt":{"rendered":"<p>L\u2019artiste choisit de privil\u00e9gier une reconqu\u00eate de la chemin\u00e9e en briques, signal historique du site. Son projet pr\u00e9voit de cr\u00e9er deux dalles en b\u00e9ton qui cadrent un espace \u00e0 investir par les habitants et les visiteurs. La base de l\u2019ancienne chemin\u00e9e est conserv\u00e9e, t\u00e9moignage du pass\u00e9 industriel du site. \u00c0 c\u00f4t\u00e9, une nouvelle chemin\u00e9e de [&hellip;]<\/p>\n","protected":false},"author":1,"featured_media":0,"parent":213163,"menu_order":0,"comment_status":"closed","ping_status":"closed","template":"","meta":{"_et_pb_use_builder":"off","_et_pb_old_content":"","_et_gb_content_width":""},"yoast_head":"<!-- This site is optimized with the Yoast SEO plugin v19.13 - https:\/\/yoast.com\/wordpress\/plugins\/seo\/ -->\n<title>La \u00ab doublure \u00bb de Raphael Zarka - Les Amis du Patrimoine Tr\u00e9laz\u00e9en<\/title>\n<meta name=\"robots\" content=\"index, follow, max-snippet:-1, max-image-preview:large, max-video-preview:-1\" \/>\n<link rel=\"canonical\" href=\"https:\/\/manu-trelaze.com\/index.php\/nos-projets-artistique\/la-doublure-de-raphael-zarka\/\" \/>\n<meta property=\"og:locale\" content=\"fr_FR\" \/>\n<meta property=\"og:type\" content=\"article\" \/>\n<meta property=\"og:title\" content=\"La \u00ab doublure \u00bb de Raphael Zarka - Les Amis du Patrimoine Tr\u00e9laz\u00e9en\" \/>\n<meta property=\"og:description\" content=\"L\u2019artiste choisit de privil\u00e9gier une reconqu\u00eate de la chemin\u00e9e en briques, signal historique du site. Son projet pr\u00e9voit de cr\u00e9er deux dalles en b\u00e9ton qui cadrent un espace \u00e0 investir par les habitants et les visiteurs. La base de l\u2019ancienne chemin\u00e9e est conserv\u00e9e, t\u00e9moignage du pass\u00e9 industriel du site. \u00c0 c\u00f4t\u00e9, une nouvelle chemin\u00e9e de [&hellip;]\" \/>\n<meta property=\"og:url\" content=\"https:\/\/manu-trelaze.com\/index.php\/nos-projets-artistique\/la-doublure-de-raphael-zarka\/\" \/>\n<meta property=\"og:site_name\" content=\"Les Amis du Patrimoine Tr\u00e9laz\u00e9en\" \/>\n<meta property=\"article:modified_time\" content=\"2020-09-07T23:40:10+00:00\" \/>\n<meta property=\"og:image\" content=\"https:\/\/manu-trelaze.com\/wp-content\/uploads\/2020\/09\/montage-photo-1-1-1009x1024.jpg\" \/>\n<meta name=\"twitter:card\" content=\"summary_large_image\" \/>\n<meta name=\"twitter:label1\" content=\"Dur\u00e9e de lecture estim\u00e9e\" \/>\n\t<meta name=\"twitter:data1\" content=\"1 minute\" \/>\n<script type=\"application\/ld+json\" class=\"yoast-schema-graph\">{\"@context\":\"https:\/\/schema.org\",\"@graph\":[{\"@type\":\"WebPage\",\"@id\":\"https:\/\/manu-trelaze.com\/index.php\/nos-projets-artistique\/la-doublure-de-raphael-zarka\/\",\"url\":\"https:\/\/manu-trelaze.com\/index.php\/nos-projets-artistique\/la-doublure-de-raphael-zarka\/\",\"name\":\"La \u00ab doublure \u00bb de Raphael Zarka - Les Amis du Patrimoine Tr\u00e9laz\u00e9en\",\"isPartOf\":{\"@id\":\"https:\/\/manu-trelaze.com\/#website\"},\"datePublished\":\"2020-08-28T13:16:32+00:00\",\"dateModified\":\"2020-09-07T23:40:10+00:00\",\"breadcrumb\":{\"@id\":\"https:\/\/manu-trelaze.com\/index.php\/nos-projets-artistique\/la-doublure-de-raphael-zarka\/#breadcrumb\"},\"inLanguage\":\"fr-FR\",\"potentialAction\":[{\"@type\":\"ReadAction\",\"target\":[\"https:\/\/manu-trelaze.com\/index.php\/nos-projets-artistique\/la-doublure-de-raphael-zarka\/\"]}]},{\"@type\":\"BreadcrumbList\",\"@id\":\"https:\/\/manu-trelaze.com\/index.php\/nos-projets-artistique\/la-doublure-de-raphael-zarka\/#breadcrumb\",\"itemListElement\":[{\"@type\":\"ListItem\",\"position\":1,\"name\":\"Accueil\",\"item\":\"https:\/\/manu-trelaze.com\/\"},{\"@type\":\"ListItem\",\"position\":2,\"name\":\"Nos projets artistique\",\"item\":\"https:\/\/manu-trelaze.com\/index.php\/nos-projets-artistique\/\"},{\"@type\":\"ListItem\",\"position\":3,\"name\":\"La \u00ab doublure \u00bb de Raphael Zarka\"}]},{\"@type\":\"WebSite\",\"@id\":\"https:\/\/manu-trelaze.com\/#website\",\"url\":\"https:\/\/manu-trelaze.com\/\",\"name\":\"Les Amis du Patrimoine Tr\u00e9laz\u00e9en\",\"description\":\"Les Amis du Patrimoine Tr\u00e9laz\u00e9en\",\"potentialAction\":[{\"@type\":\"SearchAction\",\"target\":{\"@type\":\"EntryPoint\",\"urlTemplate\":\"https:\/\/manu-trelaze.com\/?s={search_term_string}\"},\"query-input\":\"required name=search_term_string\"}],\"inLanguage\":\"fr-FR\"}]}<\/script>\n<!-- \/ Yoast SEO plugin. -->","yoast_head_json":{"title":"La \u00ab doublure \u00bb de Raphael Zarka - Les Amis du Patrimoine Tr\u00e9laz\u00e9en","robots":{"index":"index","follow":"follow","max-snippet":"max-snippet:-1","max-image-preview":"max-image-preview:large","max-video-preview":"max-video-preview:-1"},"canonical":"https:\/\/manu-trelaze.com\/index.php\/nos-projets-artistique\/la-doublure-de-raphael-zarka\/","og_locale":"fr_FR","og_type":"article","og_title":"La \u00ab doublure \u00bb de Raphael Zarka - Les Amis du Patrimoine Tr\u00e9laz\u00e9en","og_description":"L\u2019artiste choisit de privil\u00e9gier une reconqu\u00eate de la chemin\u00e9e en briques, signal historique du site. Son projet pr\u00e9voit de cr\u00e9er deux dalles en b\u00e9ton qui cadrent un espace \u00e0 investir par les habitants et les visiteurs. La base de l\u2019ancienne chemin\u00e9e est conserv\u00e9e, t\u00e9moignage du pass\u00e9 industriel du site. \u00c0 c\u00f4t\u00e9, une nouvelle chemin\u00e9e de [&hellip;]","og_url":"https:\/\/manu-trelaze.com\/index.php\/nos-projets-artistique\/la-doublure-de-raphael-zarka\/","og_site_name":"Les Amis du Patrimoine Tr\u00e9laz\u00e9en","article_modified_time":"2020-09-07T23:40:10+00:00","og_image":[{"url":"https:\/\/manu-trelaze.com\/wp-content\/uploads\/2020\/09\/montage-photo-1-1-1009x1024.jpg"}],"twitter_card":"summary_large_image","twitter_misc":{"Dur\u00e9e de lecture estim\u00e9e":"1 minute"},"schema":{"@context":"https:\/\/schema.org","@graph":[{"@type":"WebPage","@id":"https:\/\/manu-trelaze.com\/index.php\/nos-projets-artistique\/la-doublure-de-raphael-zarka\/","url":"https:\/\/manu-trelaze.com\/index.php\/nos-projets-artistique\/la-doublure-de-raphael-zarka\/","name":"La \u00ab doublure \u00bb de Raphael Zarka - Les Amis du Patrimoine Tr\u00e9laz\u00e9en","isPartOf":{"@id":"https:\/\/manu-trelaze.com\/#website"},"datePublished":"2020-08-28T13:16:32+00:00","dateModified":"2020-09-07T23:40:10+00:00","breadcrumb":{"@id":"https:\/\/manu-trelaze.com\/index.php\/nos-projets-artistique\/la-doublure-de-raphael-zarka\/#breadcrumb"},"inLanguage":"fr-FR","potentialAction":[{"@type":"ReadAction","target":["https:\/\/manu-trelaze.com\/index.php\/nos-projets-artistique\/la-doublure-de-raphael-zarka\/"]}]},{"@type":"BreadcrumbList","@id":"https:\/\/manu-trelaze.com\/index.php\/nos-projets-artistique\/la-doublure-de-raphael-zarka\/#breadcrumb","itemListElement":[{"@type":"ListItem","position":1,"name":"Accueil","item":"https:\/\/manu-trelaze.com\/"},{"@type":"ListItem","position":2,"name":"Nos projets artistique","item":"https:\/\/manu-trelaze.com\/index.php\/nos-projets-artistique\/"},{"@type":"ListItem","position":3,"name":"La \u00ab doublure \u00bb de Raphael Zarka"}]},{"@type":"WebSite","@id":"https:\/\/manu-trelaze.com\/#website","url":"https:\/\/manu-trelaze.com\/","name":"Les Amis du Patrimoine Tr\u00e9laz\u00e9en","description":"Les Amis du Patrimoine Tr\u00e9laz\u00e9en","potentialAction":[{"@type":"SearchAction","target":{"@type":"EntryPoint","urlTemplate":"https:\/\/manu-trelaze.com\/?s={search_term_string}"},"query-input":"required name=search_term_string"}],"inLanguage":"fr-FR"}]}},"_links":{"self":[{"href":"https:\/\/manu-trelaze.com\/index.php\/wp-json\/wp\/v2\/pages\/213167"}],"collection":[{"href":"https:\/\/manu-trelaze.com\/index.php\/wp-json\/wp\/v2\/pages"}],"about":[{"href":"https:\/\/manu-trelaze.com\/index.php\/wp-json\/wp\/v2\/types\/page"}],"author":[{"embeddable":true,"href":"https:\/\/manu-trelaze.com\/index.php\/wp-json\/wp\/v2\/users\/1"}],"replies":[{"embeddable":true,"href":"https:\/\/manu-trelaze.com\/index.php\/wp-json\/wp\/v2\/comments?post=213167"}],"version-history":[{"count":1,"href":"https:\/\/manu-trelaze.com\/index.php\/wp-json\/wp\/v2\/pages\/213167\/revisions"}],"predecessor-version":[{"id":213485,"href":"https:\/\/manu-trelaze.com\/index.php\/wp-json\/wp\/v2\/pages\/213167\/revisions\/213485"}],"up":[{"embeddable":true,"href":"https:\/\/manu-trelaze.com\/index.php\/wp-json\/wp\/v2\/pages\/213163"}],"wp:attachment":[{"href":"https:\/\/manu-trelaze.com\/index.php\/wp-json\/wp\/v2\/media?parent=213167"}],"curies":[{"name":"wp","href":"https:\/\/api.w.org\/{rel}","templated":true}]}}