{"id":213169,"date":"2020-08-28T13:17:20","date_gmt":"2020-08-28T13:17:20","guid":{"rendered":"http:\/\/localhost:10069\/?page_id=213169"},"modified":"2020-09-08T01:40:42","modified_gmt":"2020-09-07T23:40:42","slug":"le-chateau-deau","status":"publish","type":"page","link":"https:\/\/manu-trelaze.com\/index.php\/nos-projets-artistique\/le-chateau-deau\/","title":{"rendered":"Le ch\u00e2teau d\u2019eau"},"content":{"rendered":"\n<p>La soci\u00e9t\u00e9 Podeliha apr\u00e8s avoir d\u00e9gag\u00e9 en 2017 la structure du ch\u00e2teau d\u2019eau des b\u00e2timents qui ceinturent son abord proc\u00e8de \u00e0 des restaurations d\u2019urgence de la structure du ch\u00e2teau d\u2019eau.<br><\/p>\n\n\n\n<figure class=\"wp-block-gallery columns-3 is-cropped\"><ul class=\"blocks-gallery-grid\"><li class=\"blocks-gallery-item\"><figure><img src=\"https:\/\/manu-trelaze.com\/wp-content\/uploads\/2020\/09\/chateau-deau-2-888x1024.jpg\" alt=\"\" data-id=\"213388\" data-link=\"http:\/\/localhost:10069\/nos-projets-artistique\/le-chateau-deau\/chateau-deau-2\/\" class=\"wp-image-213388\"\/><\/figure><\/li><li class=\"blocks-gallery-item\"><figure><img src=\"https:\/\/manu-trelaze.com\/wp-content\/uploads\/2020\/09\/chateau-eau_1729-2-768x1024.jpg\" alt=\"\" data-id=\"213389\" data-link=\"http:\/\/localhost:10069\/nos-projets-artistique\/le-chateau-deau\/chateau-eau_1729-2\/\" class=\"wp-image-213389\"\/><\/figure><\/li><li class=\"blocks-gallery-item\"><figure><img src=\"https:\/\/manu-trelaze.com\/wp-content\/uploads\/2020\/09\/Chnateau-deau-2.png\" alt=\"\" data-id=\"213390\" data-full-url=\"https:\/\/manu-trelaze.com\/wp-content\/uploads\/2020\/09\/Chnateau-deau-2.png\" data-link=\"http:\/\/localhost:10069\/nos-projets-artistique\/le-chateau-deau\/chnateau-deau-2\/\" class=\"wp-image-213390\"\/><\/figure><\/li><\/ul><\/figure>\n\n\n\n<p>L\u2019association des allumettes fait r\u00e9aliser en 2018 des devis d\u2019entreprise pour conforter l\u2019ouvrage dont les b\u00e9tons et ferraillages sont d\u00e9grad\u00e9s. Podelhia accepte le principe de r\u00e9nover cette structure. Pr\u00e9vision de travaux 2021.<\/p>\n","protected":false},"excerpt":{"rendered":"<p>La soci\u00e9t\u00e9 Podeliha apr\u00e8s avoir d\u00e9gag\u00e9 en 2017 la structure du ch\u00e2teau d\u2019eau des b\u00e2timents qui ceinturent son abord proc\u00e8de \u00e0 des restaurations d\u2019urgence de la structure du ch\u00e2teau d\u2019eau. L\u2019association des allumettes fait r\u00e9aliser en 2018 des devis d\u2019entreprise pour conforter l\u2019ouvrage dont les b\u00e9tons et ferraillages sont d\u00e9grad\u00e9s. Podelhia accepte le principe de [&hellip;]<\/p>\n","protected":false},"author":1,"featured_media":0,"parent":213163,"menu_order":0,"comment_status":"closed","ping_status":"closed","template":"","meta":{"_et_pb_use_builder":"off","_et_pb_old_content":"<!-- wp:paragraph -->\n<p>La soci\u00e9t\u00e9 Podeliha apr\u00e8s avoir d\u00e9gag\u00e9 en 2017 la structure du ch\u00e2teau d\u2019eau des b\u00e2timents qui ceinturent son abord proc\u00e8de \u00e0 des restaurations d\u2019urgence de la structure du ch\u00e2teau d\u2019eau.<br><\/p>\n<!-- \/wp:paragraph -->\n\n<!-- wp:gallery {\"ids\":[213298,213299,213300]} -->\n<figure class=\"wp-block-gallery columns-3 is-cropped\"><ul class=\"blocks-gallery-grid\"><li class=\"blocks-gallery-item\"><figure><img src=\"http:\/\/localhost:10069\/wp-content\/uploads\/2020\/08\/18Ph2013-00148-2-760x1024.jpg\" alt=\"\" data-id=\"213298\" data-link=\"http:\/\/localhost:10069\/nos-projets-artistique\/le-chateau-deau\/18ph2013-00148-2\/\" class=\"wp-image-213298\"\/><\/figure><\/li><li class=\"blocks-gallery-item\"><figure><img src=\"http:\/\/localhost:10069\/wp-content\/uploads\/2020\/08\/IMG_0324-3-768x1024.jpg\" alt=\"\" data-id=\"213299\" data-link=\"http:\/\/localhost:10069\/nos-projets-artistique\/le-chateau-deau\/img_0324-3\/\" class=\"wp-image-213299\"\/><\/figure><\/li><li class=\"blocks-gallery-item\"><figure><img src=\"http:\/\/localhost:10069\/wp-content\/uploads\/2020\/08\/IMG_2131-2-1024x768.jpg\" alt=\"\" data-id=\"213300\" data-full-url=\"http:\/\/localhost:10069\/wp-content\/uploads\/2020\/08\/IMG_2131-2-scaled.jpg\" data-link=\"http:\/\/localhost:10069\/nos-projets-artistique\/le-chateau-deau\/img_2131-2\/\" class=\"wp-image-213300\"\/><\/figure><\/li><\/ul><\/figure>\n<!-- \/wp:gallery -->\n\n<!-- wp:paragraph -->\n<p>L\u2019association des allumettes fait r\u00e9aliser en 2018 des devis d\u2019entreprise pour conforter l\u2019ouvrage dont les b\u00e9tons et ferraillages sont d\u00e9grad\u00e9s. Podelhia accepte le principe de r\u00e9nover cette structure. Pr\u00e9vision de travaux 2021.<\/p>\n<!-- \/wp:paragraph -->","_et_gb_content_width":""},"yoast_head":"<!-- This site is optimized with the Yoast SEO plugin v19.13 - https:\/\/yoast.com\/wordpress\/plugins\/seo\/ -->\n<title>Le ch\u00e2teau d\u2019eau - Les Amis du Patrimoine Tr\u00e9laz\u00e9en<\/title>\n<meta name=\"robots\" content=\"index, follow, max-snippet:-1, max-image-preview:large, max-video-preview:-1\" \/>\n<link rel=\"canonical\" href=\"https:\/\/manu-trelaze.com\/index.php\/nos-projets-artistique\/le-chateau-deau\/\" \/>\n<meta property=\"og:locale\" content=\"fr_FR\" \/>\n<meta property=\"og:type\" content=\"article\" \/>\n<meta property=\"og:title\" content=\"Le ch\u00e2teau d\u2019eau - Les Amis du Patrimoine Tr\u00e9laz\u00e9en\" \/>\n<meta property=\"og:description\" content=\"La soci\u00e9t\u00e9 Podeliha apr\u00e8s avoir d\u00e9gag\u00e9 en 2017 la structure du ch\u00e2teau d\u2019eau des b\u00e2timents qui ceinturent son abord proc\u00e8de \u00e0 des restaurations d\u2019urgence de la structure du ch\u00e2teau d\u2019eau. L\u2019association des allumettes fait r\u00e9aliser en 2018 des devis d\u2019entreprise pour conforter l\u2019ouvrage dont les b\u00e9tons et ferraillages sont d\u00e9grad\u00e9s. Podelhia accepte le principe de [&hellip;]\" \/>\n<meta property=\"og:url\" content=\"https:\/\/manu-trelaze.com\/index.php\/nos-projets-artistique\/le-chateau-deau\/\" \/>\n<meta property=\"og:site_name\" content=\"Les Amis du Patrimoine Tr\u00e9laz\u00e9en\" \/>\n<meta property=\"article:modified_time\" content=\"2020-09-07T23:40:42+00:00\" \/>\n<meta property=\"og:image\" content=\"https:\/\/manu-trelaze.com\/wp-content\/uploads\/2020\/09\/chateau-deau-2-888x1024.jpg\" \/>\n<meta name=\"twitter:card\" content=\"summary_large_image\" \/>\n<script type=\"application\/ld+json\" class=\"yoast-schema-graph\">{\"@context\":\"https:\/\/schema.org\",\"@graph\":[{\"@type\":\"WebPage\",\"@id\":\"https:\/\/manu-trelaze.com\/index.php\/nos-projets-artistique\/le-chateau-deau\/\",\"url\":\"https:\/\/manu-trelaze.com\/index.php\/nos-projets-artistique\/le-chateau-deau\/\",\"name\":\"Le ch\u00e2teau d\u2019eau - Les Amis du Patrimoine Tr\u00e9laz\u00e9en\",\"isPartOf\":{\"@id\":\"https:\/\/manu-trelaze.com\/#website\"},\"datePublished\":\"2020-08-28T13:17:20+00:00\",\"dateModified\":\"2020-09-07T23:40:42+00:00\",\"breadcrumb\":{\"@id\":\"https:\/\/manu-trelaze.com\/index.php\/nos-projets-artistique\/le-chateau-deau\/#breadcrumb\"},\"inLanguage\":\"fr-FR\",\"potentialAction\":[{\"@type\":\"ReadAction\",\"target\":[\"https:\/\/manu-trelaze.com\/index.php\/nos-projets-artistique\/le-chateau-deau\/\"]}]},{\"@type\":\"BreadcrumbList\",\"@id\":\"https:\/\/manu-trelaze.com\/index.php\/nos-projets-artistique\/le-chateau-deau\/#breadcrumb\",\"itemListElement\":[{\"@type\":\"ListItem\",\"position\":1,\"name\":\"Accueil\",\"item\":\"https:\/\/manu-trelaze.com\/\"},{\"@type\":\"ListItem\",\"position\":2,\"name\":\"Nos projets artistique\",\"item\":\"https:\/\/manu-trelaze.com\/index.php\/nos-projets-artistique\/\"},{\"@type\":\"ListItem\",\"position\":3,\"name\":\"Le ch\u00e2teau d\u2019eau\"}]},{\"@type\":\"WebSite\",\"@id\":\"https:\/\/manu-trelaze.com\/#website\",\"url\":\"https:\/\/manu-trelaze.com\/\",\"name\":\"Les Amis du Patrimoine Tr\u00e9laz\u00e9en\",\"description\":\"Les Amis du Patrimoine Tr\u00e9laz\u00e9en\",\"potentialAction\":[{\"@type\":\"SearchAction\",\"target\":{\"@type\":\"EntryPoint\",\"urlTemplate\":\"https:\/\/manu-trelaze.com\/?s={search_term_string}\"},\"query-input\":\"required name=search_term_string\"}],\"inLanguage\":\"fr-FR\"}]}<\/script>\n<!-- \/ Yoast SEO plugin. -->","yoast_head_json":{"title":"Le ch\u00e2teau d\u2019eau - Les Amis du Patrimoine Tr\u00e9laz\u00e9en","robots":{"index":"index","follow":"follow","max-snippet":"max-snippet:-1","max-image-preview":"max-image-preview:large","max-video-preview":"max-video-preview:-1"},"canonical":"https:\/\/manu-trelaze.com\/index.php\/nos-projets-artistique\/le-chateau-deau\/","og_locale":"fr_FR","og_type":"article","og_title":"Le ch\u00e2teau d\u2019eau - Les Amis du Patrimoine Tr\u00e9laz\u00e9en","og_description":"La soci\u00e9t\u00e9 Podeliha apr\u00e8s avoir d\u00e9gag\u00e9 en 2017 la structure du ch\u00e2teau d\u2019eau des b\u00e2timents qui ceinturent son abord proc\u00e8de \u00e0 des restaurations d\u2019urgence de la structure du ch\u00e2teau d\u2019eau. L\u2019association des allumettes fait r\u00e9aliser en 2018 des devis d\u2019entreprise pour conforter l\u2019ouvrage dont les b\u00e9tons et ferraillages sont d\u00e9grad\u00e9s. Podelhia accepte le principe de [&hellip;]","og_url":"https:\/\/manu-trelaze.com\/index.php\/nos-projets-artistique\/le-chateau-deau\/","og_site_name":"Les Amis du Patrimoine Tr\u00e9laz\u00e9en","article_modified_time":"2020-09-07T23:40:42+00:00","og_image":[{"url":"https:\/\/manu-trelaze.com\/wp-content\/uploads\/2020\/09\/chateau-deau-2-888x1024.jpg"}],"twitter_card":"summary_large_image","schema":{"@context":"https:\/\/schema.org","@graph":[{"@type":"WebPage","@id":"https:\/\/manu-trelaze.com\/index.php\/nos-projets-artistique\/le-chateau-deau\/","url":"https:\/\/manu-trelaze.com\/index.php\/nos-projets-artistique\/le-chateau-deau\/","name":"Le ch\u00e2teau d\u2019eau - Les Amis du Patrimoine Tr\u00e9laz\u00e9en","isPartOf":{"@id":"https:\/\/manu-trelaze.com\/#website"},"datePublished":"2020-08-28T13:17:20+00:00","dateModified":"2020-09-07T23:40:42+00:00","breadcrumb":{"@id":"https:\/\/manu-trelaze.com\/index.php\/nos-projets-artistique\/le-chateau-deau\/#breadcrumb"},"inLanguage":"fr-FR","potentialAction":[{"@type":"ReadAction","target":["https:\/\/manu-trelaze.com\/index.php\/nos-projets-artistique\/le-chateau-deau\/"]}]},{"@type":"BreadcrumbList","@id":"https:\/\/manu-trelaze.com\/index.php\/nos-projets-artistique\/le-chateau-deau\/#breadcrumb","itemListElement":[{"@type":"ListItem","position":1,"name":"Accueil","item":"https:\/\/manu-trelaze.com\/"},{"@type":"ListItem","position":2,"name":"Nos projets artistique","item":"https:\/\/manu-trelaze.com\/index.php\/nos-projets-artistique\/"},{"@type":"ListItem","position":3,"name":"Le ch\u00e2teau d\u2019eau"}]},{"@type":"WebSite","@id":"https:\/\/manu-trelaze.com\/#website","url":"https:\/\/manu-trelaze.com\/","name":"Les Amis du Patrimoine Tr\u00e9laz\u00e9en","description":"Les Amis du Patrimoine Tr\u00e9laz\u00e9en","potentialAction":[{"@type":"SearchAction","target":{"@type":"EntryPoint","urlTemplate":"https:\/\/manu-trelaze.com\/?s={search_term_string}"},"query-input":"required name=search_term_string"}],"inLanguage":"fr-FR"}]}},"_links":{"self":[{"href":"https:\/\/manu-trelaze.com\/index.php\/wp-json\/wp\/v2\/pages\/213169"}],"collection":[{"href":"https:\/\/manu-trelaze.com\/index.php\/wp-json\/wp\/v2\/pages"}],"about":[{"href":"https:\/\/manu-trelaze.com\/index.php\/wp-json\/wp\/v2\/types\/page"}],"author":[{"embeddable":true,"href":"https:\/\/manu-trelaze.com\/index.php\/wp-json\/wp\/v2\/users\/1"}],"replies":[{"embeddable":true,"href":"https:\/\/manu-trelaze.com\/index.php\/wp-json\/wp\/v2\/comments?post=213169"}],"version-history":[{"count":1,"href":"https:\/\/manu-trelaze.com\/index.php\/wp-json\/wp\/v2\/pages\/213169\/revisions"}],"predecessor-version":[{"id":213486,"href":"https:\/\/manu-trelaze.com\/index.php\/wp-json\/wp\/v2\/pages\/213169\/revisions\/213486"}],"up":[{"embeddable":true,"href":"https:\/\/manu-trelaze.com\/index.php\/wp-json\/wp\/v2\/pages\/213163"}],"wp:attachment":[{"href":"https:\/\/manu-trelaze.com\/index.php\/wp-json\/wp\/v2\/media?parent=213169"}],"curies":[{"name":"wp","href":"https:\/\/api.w.org\/{rel}","templated":true}]}}